CRAN Package Check Results for Package fso

Last updated on 2016-12-28 23:47:12.

Flavor Version Tinstall Tcheck Ttotal Status Flags
r-devel-linux-x86_64-debian-clang 2.0-1 3.25 37.09 40.34 NOTE
r-devel-linux-x86_64-debian-gcc 2.0-1 3.23 36.97 40.20 NOTE
r-devel-linux-x86_64-fedora-clang 2.0-1 90.65 NOTE --no-stop-on-test-error
r-devel-linux-x86_64-fedora-gcc 2.0-1 87.48 NOTE --no-stop-on-test-error
r-devel-macos-x86_64-clang 2.0-1 65.83 NOTE --no-stop-on-test-error
r-devel-windows-ix86+x86_64 2.0-1 12.00 114.00 126.00 NOTE
r-patched-linux-x86_64 2.0-1 3.11 33.28 36.39 NOTE
r-patched-solaris-sparc 2.0-1 409.80 NOTE
r-patched-solaris-x86 2.0-1 107.60 NOTE
r-release-linux-x86_64 2.0-1 3.45 33.46 36.91 NOTE
r-release-osx-x86_64-mavericks 2.0-1 WARN
r-release-windows-ix86+x86_64 2.0-1 12.00 76.00 88.00 NOTE
r-oldrel-windows-ix86+x86_64 2.0-1 11.00 84.00 95.00 NOTE

Check Details

Version: 2.0-1
Check: DESCRIPTION meta-information
Result: NOTE
    Malformed Description field: should contain one or more complete sentences.
Flavors: r-devel-linux-x86_64-debian-clang, r-devel-linux-x86_64-debian-gcc, r-devel-windows-ix86+x86_64, r-patched-linux-x86_64, r-patched-solaris-sparc, r-patched-solaris-x86, r-release-linux-x86_64, r-release-osx-x86_64-mavericks, r-release-windows-ix86+x86_64, r-oldrel-windows-ix86+x86_64

Version: 2.0-1
Check: dependencies in R code
Result: NOTE
    'library' or 'require' call to ‘rgl’ which was already attached by Depends.
     Please remove these calls from your code.
Flavors: r-devel-linux-x86_64-debian-clang, r-devel-linux-x86_64-debian-gcc, r-devel-windows-ix86+x86_64, r-patched-linux-x86_64, r-patched-solaris-sparc, r-patched-solaris-x86, r-release-linux-x86_64, r-release-windows-ix86+x86_64, r-oldrel-windows-ix86+x86_64

Version: 2.0-1
Check: S3 generic/method consistency
Result: NOTE
    Found the following apparent S3 methods exported but not registered:
     boxplot.fso boxplot.mfso chullord.fso chullord.mfso fso.default
     fso.formula hilight.fso hilight.mfso mfso.default mfso.formula
     plot.fso plot.mfso plotid.fso plotid.mfso points.fso points.mfso
     summary.fso summary.mfso thull.mfso
    See section ‘Registering S3 methods’ in the ‘Writing R Extensions’
    manual.
Flavors: r-devel-linux-x86_64-debian-clang, r-devel-linux-x86_64-debian-gcc, r-patched-linux-x86_64, r-patched-solaris-sparc, r-patched-solaris-x86, r-release-linux-x86_64

Version: 2.0-1
Check: R code for possible problems
Result: NOTE
    boxplot.fso: no visible global function definition for ‘boxplot’
    boxplot.mfso: no visible global function definition for ‘boxplot’
    chullord.fso: no visible global function definition for ‘chull’
    chullord.fso: no visible global function definition for ‘polygon’
    chullord.mfso: no visible global function definition for ‘plot’
    chullord.mfso: no visible global function definition for ‘chull’
    chullord.mfso: no visible global function definition for ‘polygon’
    chullord.mfso: no visible global function definition for ‘points’
    core.fso: no visible global function definition for ‘cor’
    fso.default: no visible global function definition for ‘cor.test’
    fso.default: no visible global function definition for ‘cor’
    fso.default: no visible global function definition for ‘dist’
    fso.formula: no visible global function definition for ‘model.matrix’
    fso.formula: no visible global function definition for ‘terms’
    fso.formula: no visible global function definition for ‘as.dist’
    hilight.fso: no visible global function definition for ‘plot’
    hilight.fso: no visible binding for global variable ‘var’
    hilight.fso: no visible global function definition for ‘points’
    hilight.mfso: no visible global function definition for ‘plot’
    hilight.mfso: no visible global function definition for ‘points’
    mfso.default : perm.fso: no visible global function definition for
     ‘as.dist’
    mfso.default : perm.fso: no visible global function definition for
     ‘dist’
    mfso.default : perm.fso: no visible global function definition for
     ‘cor’
    mfso.default: no visible global function definition for ‘as.dist’
    mfso.default: no visible global function definition for ‘cor’
    mfso.default: no visible global function definition for ‘dist’
    mfso.default: no visible global function definition for ‘cor.test’
    mfso.formula: no visible global function definition for ‘model.matrix’
    mfso.formula: no visible global function definition for ‘as.dist’
    plot.fso: no visible global function definition for ‘plot’
    plot.fso: no visible global function definition for ‘text’
    plot.mfso: no visible global function definition for ‘plot’
    plot.mfso: no visible global function definition for ‘dist’
    plot.mfso: no visible global function definition for ‘as.dist’
    plot.mfso: no visible global function definition for ‘text’
    plot.mfso: no visible global function definition for ‘cor’
    plotid.fso: no visible global function definition for ‘plot’
    plotid.fso: no visible global function definition for ‘text’
    plotid.fso: no visible global function definition for ‘identify’
    plotid.mfso: no visible global function definition for ‘plot’
    plotid.mfso: no visible global function definition for ‘identify’
    plotid.mfso: no visible global function definition for ‘dist’
    plotid.mfso: no visible global function definition for ‘as.dist’
    plotid.mfso: no visible global function definition for ‘text’
    plotid.mfso: no visible global function definition for ‘cor’
    points.fso: no visible global function definition for ‘plot’
    points.fso: no visible global function definition for ‘points’
    points.mfso: no visible global function definition for ‘plot’
    points.mfso: no visible global function definition for ‘points’
    step.mfso : perm.fso: no visible global function definition for ‘dist’
    step.mfso : perm.fso: no visible global function definition for
     ‘as.dist’
    step.mfso : perm.fso: no visible global function definition for ‘cor’
    step.mfso: no visible global function definition for ‘as.dist’
    step.mfso: no visible global function definition for ‘dist’
    step.mfso: no visible global function definition for ‘cor’
    summary.fso: no visible global function definition for ‘cor’
    thull.mfso: no visible global function definition for ‘contour’
    Undefined global functions or variables:
     as.dist boxplot chull contour cor cor.test dist identify model.matrix
     plot points polygon terms text var
    Consider adding
     importFrom("grDevices", "chull")
     importFrom("graphics", "boxplot", "contour", "identify", "plot",
     "points", "polygon", "text")
     importFrom("stats", "as.dist", "cor", "cor.test", "dist",
     "model.matrix", "terms", "var")
    to your NAMESPACE file.
Flavors: r-devel-linux-x86_64-debian-clang, r-devel-linux-x86_64-debian-gcc, r-devel-windows-ix86+x86_64, r-patched-linux-x86_64, r-patched-solaris-sparc, r-patched-solaris-x86, r-release-linux-x86_64, r-release-windows-ix86+x86_64

Version: 2.0-1
Flags: --no-stop-on-test-error
Check: DESCRIPTION meta-information
Result: NOTE
    Malformed Description field: should contain one or more complete sentences.
Flavors: r-devel-linux-x86_64-fedora-clang, r-devel-linux-x86_64-fedora-gcc, r-devel-macos-x86_64-clang

Version: 2.0-1
Flags: --no-stop-on-test-error
Check: dependencies in R code
Result: NOTE
    'library' or 'require' call to ‘rgl’ which was already attached by Depends.
     Please remove these calls from your code.
Flavors: r-devel-linux-x86_64-fedora-clang, r-devel-linux-x86_64-fedora-gcc, r-devel-macos-x86_64-clang

Version: 2.0-1
Flags: --no-stop-on-test-error
Check: S3 generic/method consistency
Result: NOTE
    Found the following apparent S3 methods exported but not registered:
     boxplot.fso boxplot.mfso chullord.fso chullord.mfso fso.default
     fso.formula hilight.fso hilight.mfso mfso.default mfso.formula
     plot.fso plot.mfso plotid.fso plotid.mfso points.fso points.mfso
     summary.fso summary.mfso thull.mfso
    See section ‘Registering S3 methods’ in the ‘Writing R Extensions’
    manual.
Flavors: r-devel-linux-x86_64-fedora-clang, r-devel-linux-x86_64-fedora-gcc, r-devel-macos-x86_64-clang

Version: 2.0-1
Flags: --no-stop-on-test-error
Check: R code for possible problems
Result: NOTE
    boxplot.fso: no visible global function definition for ‘boxplot’
    boxplot.mfso: no visible global function definition for ‘boxplot’
    chullord.fso: no visible global function definition for ‘chull’
    chullord.fso: no visible global function definition for ‘polygon’
    chullord.mfso: no visible global function definition for ‘plot’
    chullord.mfso: no visible global function definition for ‘chull’
    chullord.mfso: no visible global function definition for ‘polygon’
    chullord.mfso: no visible global function definition for ‘points’
    core.fso: no visible global function definition for ‘cor’
    fso.default: no visible global function definition for ‘cor.test’
    fso.default: no visible global function definition for ‘cor’
    fso.default: no visible global function definition for ‘dist’
    fso.formula: no visible global function definition for ‘model.matrix’
    fso.formula: no visible global function definition for ‘terms’
    fso.formula: no visible global function definition for ‘as.dist’
    hilight.fso: no visible global function definition for ‘plot’
    hilight.fso: no visible binding for global variable ‘var’
    hilight.fso: no visible global function definition for ‘points’
    hilight.mfso: no visible global function definition for ‘plot’
    hilight.mfso: no visible global function definition for ‘points’
    mfso.default : perm.fso: no visible global function definition for
     ‘as.dist’
    mfso.default : perm.fso: no visible global function definition for
     ‘dist’
    mfso.default : perm.fso: no visible global function definition for
     ‘cor’
    mfso.default: no visible global function definition for ‘as.dist’
    mfso.default: no visible global function definition for ‘cor’
    mfso.default: no visible global function definition for ‘dist’
    mfso.default: no visible global function definition for ‘cor.test’
    mfso.formula: no visible global function definition for ‘model.matrix’
    mfso.formula: no visible global function definition for ‘as.dist’
    plot.fso: no visible global function definition for ‘plot’
    plot.fso: no visible global function definition for ‘text’
    plot.mfso: no visible global function definition for ‘plot’
    plot.mfso: no visible global function definition for ‘dist’
    plot.mfso: no visible global function definition for ‘as.dist’
    plot.mfso: no visible global function definition for ‘text’
    plot.mfso: no visible global function definition for ‘cor’
    plotid.fso: no visible global function definition for ‘plot’
    plotid.fso: no visible global function definition for ‘text’
    plotid.fso: no visible global function definition for ‘identify’
    plotid.mfso: no visible global function definition for ‘plot’
    plotid.mfso: no visible global function definition for ‘identify’
    plotid.mfso: no visible global function definition for ‘dist’
    plotid.mfso: no visible global function definition for ‘as.dist’
    plotid.mfso: no visible global function definition for ‘text’
    plotid.mfso: no visible global function definition for ‘cor’
    points.fso: no visible global function definition for ‘plot’
    points.fso: no visible global function definition for ‘points’
    points.mfso: no visible global function definition for ‘plot’
    points.mfso: no visible global function definition for ‘points’
    step.mfso : perm.fso: no visible global function definition for ‘dist’
    step.mfso : perm.fso: no visible global function definition for
     ‘as.dist’
    step.mfso : perm.fso: no visible global function definition for ‘cor’
    step.mfso: no visible global function definition for ‘as.dist’
    step.mfso: no visible global function definition for ‘dist’
    step.mfso: no visible global function definition for ‘cor’
    summary.fso: no visible global function definition for ‘cor’
    thull.mfso: no visible global function definition for ‘contour’
    Undefined global functions or variables:
     as.dist boxplot chull contour cor cor.test dist identify model.matrix
     plot points polygon terms text var
    Consider adding
     importFrom("grDevices", "chull")
     importFrom("graphics", "boxplot", "contour", "identify", "plot",
     "points", "polygon", "text")
     importFrom("stats", "as.dist", "cor", "cor.test", "dist",
     "model.matrix", "terms", "var")
    to your NAMESPACE file.
Flavors: r-devel-linux-x86_64-fedora-clang, r-devel-linux-x86_64-fedora-gcc, r-devel-macos-x86_64-clang

Version: 2.0-1
Check: whether package can be installed
Result: WARN
    Found the following significant warnings:
     Warning: 'rgl_init' failed, running with rgl.useNULL = TRUE
Flavor: r-release-osx-x86_64-mavericks

Version: 2.0-1
Check: dependencies in R code
Result: NOTE
    Invalid MIT-MAGIC-COOKIE-1 key'library' or 'require' call to ‘rgl’ which was already attached by Depends.
     Please remove these calls from your code.
Flavor: r-release-osx-x86_64-mavericks

Version: 2.0-1
Check: S3 generic/method consistency
Result: WARN
    Invalid MIT-MAGIC-COOKIE-1 key
    See section ‘Generic functions and methods’ in the ‘Writing R
    Extensions’ manual.
Flavor: r-release-osx-x86_64-mavericks

Version: 2.0-1
Check: replacement functions
Result: WARN
    Invalid MIT-MAGIC-COOKIE-1 key
    The argument of a replacement function which corresponds to the right
    hand side must be named ‘value’.
Flavor: r-release-osx-x86_64-mavericks

Version: 2.0-1
Check: foreign function calls
Result: NOTE
    Invalid MIT-MAGIC-COOKIE-1 key
    See chapter ‘System and foreign language interfaces’ in the ‘Writing R
    Extensions’ manual.
Flavor: r-release-osx-x86_64-mavericks

Version: 2.0-1
Check: R code for possible problems
Result: NOTE
    Invalid MIT-MAGIC-COOKIE-1 keyboxplot.fso: no visible global function definition for ‘boxplot’
    boxplot.mfso: no visible global function definition for ‘boxplot’
    chullord.fso: no visible global function definition for ‘chull’
    chullord.fso: no visible global function definition for ‘polygon’
    chullord.mfso: no visible global function definition for ‘plot’
    chullord.mfso: no visible global function definition for ‘chull’
    chullord.mfso: no visible global function definition for ‘polygon’
    chullord.mfso: no visible global function definition for ‘points’
    core.fso: no visible global function definition for ‘cor’
    fso.default: no visible global function definition for ‘cor.test’
    fso.default: no visible global function definition for ‘cor’
    fso.default: no visible global function definition for ‘dist’
    fso.formula: no visible global function definition for ‘model.matrix’
    fso.formula: no visible global function definition for ‘terms’
    fso.formula: no visible global function definition for ‘as.dist’
    hilight.fso: no visible global function definition for ‘plot’
    hilight.fso: no visible binding for global variable ‘var’
    hilight.fso: no visible global function definition for ‘points’
    hilight.mfso: no visible global function definition for ‘plot’
    hilight.mfso: no visible global function definition for ‘points’
    mfso.default : perm.fso: no visible global function definition for
     ‘as.dist’
    mfso.default : perm.fso: no visible global function definition for
     ‘dist’
    mfso.default : perm.fso: no visible global function definition for
     ‘cor’
    mfso.default: no visible global function definition for ‘as.dist’
    mfso.default: no visible global function definition for ‘cor’
    mfso.default: no visible global function definition for ‘dist’
    mfso.default: no visible global function definition for ‘cor.test’
    mfso.formula: no visible global function definition for ‘model.matrix’
    mfso.formula: no visible global function definition for ‘as.dist’
    plot.fso: no visible global function definition for ‘plot’
    plot.fso: no visible global function definition for ‘text’
    plot.mfso: no visible global function definition for ‘plot’
    plot.mfso: no visible global function definition for ‘dist’
    plot.mfso: no visible global function definition for ‘as.dist’
    plot.mfso: no visible global function definition for ‘text’
    plot.mfso: no visible global function definition for ‘cor’
    plotid.fso: no visible global function definition for ‘plot’
    plotid.fso: no visible global function definition for ‘text’
    plotid.fso: no visible global function definition for ‘identify’
    plotid.mfso: no visible global function definition for ‘plot’
    plotid.mfso: no visible global function definition for ‘identify’
    plotid.mfso: no visible global function definition for ‘dist’
    plotid.mfso: no visible global function definition for ‘as.dist’
    plotid.mfso: no visible global function definition for ‘text’
    plotid.mfso: no visible global function definition for ‘cor’
    points.fso: no visible global function definition for ‘plot’
    points.fso: no visible global function definition for ‘points’
    points.mfso: no visible global function definition for ‘plot’
    points.mfso: no visible global function definition for ‘points’
    step.mfso : perm.fso: no visible global function definition for ‘dist’
    step.mfso : perm.fso: no visible global function definition for
     ‘as.dist’
    step.mfso : perm.fso: no visible global function definition for ‘cor’
    step.mfso: no visible global function definition for ‘as.dist’
    step.mfso: no visible global function definition for ‘dist’
    step.mfso: no visible global function definition for ‘cor’
    summary.fso: no visible global function definition for ‘cor’
    thull.mfso: no visible global function definition for ‘contour’
    Undefined global functions or variables:
     as.dist boxplot chull contour cor cor.test dist identify model.matrix
     plot points polygon terms text var
    Consider adding
     importFrom("grDevices", "chull")
     importFrom("graphics", "boxplot", "contour", "identify", "plot",
     "points", "polygon", "text")
     importFrom("stats", "as.dist", "cor", "cor.test", "dist",
     "model.matrix", "terms", "var")
    to your NAMESPACE file.
Flavor: r-release-osx-x86_64-mavericks

Version: 2.0-1
Check: for missing documentation entries
Result: WARN
    Invalid MIT-MAGIC-COOKIE-1 key
    All user-level objects in a package should have documentation entries.
    See chapter ‘Writing R documentation files’ in the ‘Writing R
    Extensions’ manual.
Flavor: r-release-osx-x86_64-mavericks

Version: 2.0-1
Check: for code/documentation mismatches
Result: WARN
    Invalid MIT-MAGIC-COOKIE-1 key
    Invalid MIT-MAGIC-COOKIE-1 key
    Invalid MIT-MAGIC-COOKIE-1 key
Flavor: r-release-osx-x86_64-mavericks

Version: 2.0-1
Check: Rd \usage sections
Result: NOTE
    Invalid MIT-MAGIC-COOKIE-1 key
    The \usage entries for S3 methods should use the \method markup and not
    their full name.
    See chapter ‘Writing R documentation files’ in the ‘Writing R
    Extensions’ manual.
Flavor: r-release-osx-x86_64-mavericks