Last updated on 2016-12-28 23:47:15.
Flavor | Version | Tinstall | Tcheck | Ttotal | Status | Flags |
---|---|---|---|---|---|---|
r-devel-linux-x86_64-debian-clang | 1.0-5 | 6.26 | 73.99 | 80.24 | OK | |
r-devel-linux-x86_64-debian-gcc | 1.0-5 | 6.48 | 71.23 | 77.71 | OK | |
r-devel-linux-x86_64-fedora-clang | 1.0-5 | 144.76 | OK | --no-stop-on-test-error | ||
r-devel-linux-x86_64-fedora-gcc | 1.0-5 | 139.42 | OK | --no-stop-on-test-error | ||
r-devel-macos-x86_64-clang | 1.0-5 | 105.30 | ERROR | --no-stop-on-test-error | ||
r-devel-windows-ix86+x86_64 | 1.0-5 | 19.00 | 112.00 | 131.00 | OK | |
r-patched-linux-x86_64 | 1.0-5 | 5.88 | 70.29 | 76.17 | OK | |
r-patched-solaris-sparc | 1.0-5 | 822.60 | OK | |||
r-patched-solaris-x86 | 1.0-5 | 163.80 | OK | |||
r-release-linux-x86_64 | 1.0-5 | 5.98 | 70.89 | 76.86 | OK | |
r-release-osx-x86_64-mavericks | 1.0-5 | OK | ||||
r-release-windows-ix86+x86_64 | 1.0-5 | 19.00 | 84.00 | 103.00 | OK | |
r-oldrel-windows-ix86+x86_64 | 1.0-5 | 15.00 | 129.00 | 144.00 | OK |
Version: 1.0-5
Flags: --no-stop-on-test-error
Check: tests
Result: ERROR
Running ‘run-tests.R’
Running the tests in ‘tests/run-tests.R’ failed.
Last 13 lines of output:
5: initialize(value, ...)
6: initialize(value, ...)
7: methods::new(def, ...)
8: GSlider$new(toolkit, from, to, by, value, horizontal, handler, action, container, ...)
9: .gslider.guiWidgetsToolkitRGtk2(toolkit, from, to, by, value, horizontal, handler, action, container = container, ...)
10: .gslider(toolkit, from, to, by, value, horizontal, handler, action, container = container, ...)
11: gslider(from = 0, to = 100, by = 1, cont = g)
12: eval(ei, envir)
13: eval(ei, envir)
14: withVisible(eval(ei, envir))
15: source(i)
16: FUN(X[[i]], ...)
17: lapply(X = X, FUN = FUN, ...)
18: sapply(f, function(i) { message("testing ", i) source(i)})
An irrecoverable exception occurred. R is aborting now ...
Flavor: r-devel-macos-x86_64-clang