Last updated on 2016-12-28 23:47:12.
Flavor | Version | Tinstall | Tcheck | Ttotal | Status | Flags |
---|---|---|---|---|---|---|
r-devel-linux-x86_64-debian-clang | 1.0-0 | 1.10 | 48.83 | 49.93 | OK | |
r-devel-linux-x86_64-debian-gcc | 1.0-0 | 1.07 | 45.15 | 46.22 | OK | |
r-devel-linux-x86_64-fedora-clang | 1.0-0 | 88.64 | OK | --no-stop-on-test-error | ||
r-devel-linux-x86_64-fedora-gcc | 1.0-0 | 88.96 | OK | --no-stop-on-test-error | ||
r-devel-macos-x86_64-clang | 1.0-0 | 65.03 | OK | --no-stop-on-test-error | ||
r-devel-windows-ix86+x86_64 | 1.0-0 | 5.00 | 83.00 | 88.00 | OK | |
r-patched-linux-x86_64 | 1.0-0 | 1.03 | 45.47 | 46.50 | OK | |
r-patched-solaris-sparc | 1.0-0 | 594.30 | OK | |||
r-patched-solaris-x86 | 1.0-0 | 118.70 | NOTE | |||
r-release-linux-x86_64 | 1.0-0 | 0.96 | 43.05 | 44.01 | OK | |
r-release-osx-x86_64-mavericks | 1.0-0 | OK | ||||
r-release-windows-ix86+x86_64 | 1.0-0 | 5.00 | 78.00 | 83.00 | OK | |
r-oldrel-windows-ix86+x86_64 | 1.0-0 | 5.00 | 73.00 | 78.00 | OK |
Version: 1.0-0
Check: package dependencies
Result: NOTE
Package suggested but not available for checking: ‘geoR’
Flavor: r-patched-solaris-x86