Last updated on 2016-12-28 23:47:13.
Flavor | Version | Tinstall | Tcheck | Ttotal | Status | Flags |
---|---|---|---|---|---|---|
r-devel-linux-x86_64-debian-clang | 1.4.9 | 283.45 | 66.01 | 349.46 | OK | |
r-devel-linux-x86_64-debian-gcc | 1.4.9 | 283.32 | 66.43 | 349.74 | OK | |
r-devel-linux-x86_64-fedora-clang | 1.4.9 | 723.30 | NOTE | --no-stop-on-test-error | ||
r-devel-linux-x86_64-fedora-gcc | 1.4.9 | 685.76 | NOTE | --no-stop-on-test-error | ||
r-devel-macos-x86_64-clang | 1.4.9 | 469.39 | OK | --no-stop-on-test-error | ||
r-devel-windows-ix86+x86_64 | 1.4.9 | 1013.00 | 172.00 | 1185.00 | NOTE | |
r-patched-linux-x86_64 | 1.4.9 | 238.92 | 64.84 | 303.76 | OK | |
r-patched-solaris-sparc | 1.4.9 | 3443.70 | OK | |||
r-patched-solaris-x86 | 1.4.9 | 717.70 | OK | |||
r-release-linux-x86_64 | 1.4.9 | 236.81 | 62.17 | 298.98 | OK | |
r-release-osx-x86_64-mavericks | 1.4.9 | NOTE | ||||
r-release-windows-ix86+x86_64 | 1.4.9 | 992.00 | 133.00 | 1125.00 | NOTE | |
r-oldrel-windows-ix86+x86_64 | 1.4.9 | 676.00 | 180.00 | 856.00 | NOTE |
Memtest notes: clang-UBSAN clang-UBSAN
Version: 1.4.9
Flags: --no-stop-on-test-error
Check: installed package size
Result: NOTE
installed size is 50.5Mb
sub-directories of 1Mb or more:
extdata 1.6Mb
libs 47.7Mb
Flavors: r-devel-linux-x86_64-fedora-clang, r-devel-linux-x86_64-fedora-gcc
Version: 1.4.9
Check: installed package size
Result: NOTE
installed size is 5.9Mb
sub-directories of 1Mb or more:
extdata 1.6Mb
libs 3.1Mb
Flavors: r-devel-windows-ix86+x86_64, r-release-osx-x86_64-mavericks, r-release-windows-ix86+x86_64, r-oldrel-windows-ix86+x86_64