Last updated on 2016-12-28 23:47:13.
Flavor | Version | Tinstall | Tcheck | Ttotal | Status | Flags |
---|---|---|---|---|---|---|
r-devel-linux-x86_64-debian-clang | 0.1.1 | 1.57 | 60.87 | 62.43 | OK | |
r-devel-linux-x86_64-debian-gcc | 0.1.1 | 1.48 | 57.61 | 59.09 | OK | |
r-devel-linux-x86_64-fedora-clang | 0.1.1 | 113.72 | OK | --no-stop-on-test-error | ||
r-devel-linux-x86_64-fedora-gcc | 0.1.1 | 108.50 | OK | --no-stop-on-test-error | ||
r-devel-macos-x86_64-clang | 0.1.1 | 85.88 | OK | --no-stop-on-test-error | ||
r-devel-windows-ix86+x86_64 | 0.1.1 | 8.00 | 102.00 | 110.00 | OK | |
r-patched-linux-x86_64 | 0.1.1 | 1.22 | 48.23 | 49.46 | OK | |
r-patched-solaris-sparc | 0.1.1 | 686.00 | OK | |||
r-patched-solaris-x86 | 0.1.1 | 61.70 | ERROR | |||
r-release-linux-x86_64 | 0.1.1 | 1.34 | 47.86 | 49.20 | OK | |
r-release-osx-x86_64-mavericks | 0.1.1 | OK | ||||
r-release-windows-ix86+x86_64 | 0.1.1 | 7.00 | 77.00 | 84.00 | OK | |
r-oldrel-windows-ix86+x86_64 | 0.1.1 | 6.00 | 119.00 | 125.00 | OK |
Version: 0.1.1
Check: package dependencies
Result: NOTE
Package suggested but not available for checking: ‘geoR’
Flavor: r-patched-solaris-x86
Version: 0.1.1
Check: tests
Result: ERROR
Running ‘test-all.R’
Running the tests in ‘tests/test-all.R’ failed.
Last 13 lines of output:
Type 'contributors()' for more information and
'citation()' on how to cite R or R packages in publications.
Type 'demo()' for some demos, 'help()' for on-line help, or
'help.start()' for an HTML browser interface to help.
Type 'q()' to quit R.
> library(testthat)
> library(sp)
> library(gstat)
> library(geoR)
Error in library(geoR) : there is no package called 'geoR'
Execution halted
Flavor: r-patched-solaris-x86