Last updated on 2016-12-28 23:47:13.
Flavor | Version | Tinstall | Tcheck | Ttotal | Status | Flags |
---|---|---|---|---|---|---|
r-devel-linux-x86_64-debian-clang | 1.0-4 | 1.88 | 11.34 | 13.22 | NOTE | |
r-devel-linux-x86_64-debian-gcc | 1.0-4 | 1.87 | 10.83 | 12.70 | NOTE | |
r-devel-linux-x86_64-fedora-clang | 1.0-4 | 20.55 | NOTE | --no-stop-on-test-error | ||
r-devel-linux-x86_64-fedora-gcc | 1.0-4 | 19.28 | NOTE | --no-stop-on-test-error | ||
r-devel-macos-x86_64-clang | 1.0-4 | 18.04 | NOTE | --no-stop-on-test-error | ||
r-devel-windows-ix86+x86_64 | 1.0-4 | 6.00 | 41.00 | 47.00 | NOTE | |
r-patched-linux-x86_64 | 1.0-4 | 1.93 | 10.86 | 12.79 | NOTE | |
r-patched-solaris-sparc | 1.0-4 | 131.70 | NOTE | |||
r-patched-solaris-x86 | 1.0-4 | 30.50 | NOTE | |||
r-release-linux-x86_64 | 1.0-4 | 1.75 | 10.11 | 11.86 | NOTE | |
r-release-osx-x86_64-mavericks | 1.0-4 | NOTE | ||||
r-release-windows-ix86+x86_64 | 1.0-4 | 6.00 | 26.00 | 32.00 | NOTE | |
r-oldrel-windows-ix86+x86_64 | 1.0-4 | 5.00 | 32.00 | 37.00 | NOTE |
Version: 1.0-4
Check: DESCRIPTION meta-information
Result: NOTE
Malformed Description field: should contain one or more complete sentences.
Flavors: r-devel-linux-x86_64-debian-clang, r-devel-linux-x86_64-debian-gcc, r-devel-windows-ix86+x86_64, r-patched-linux-x86_64, r-patched-solaris-sparc, r-patched-solaris-x86, r-release-linux-x86_64, r-release-osx-x86_64-mavericks, r-release-windows-ix86+x86_64, r-oldrel-windows-ix86+x86_64
Version: 1.0-4
Check: Rd line widths
Result: NOTE
Rd file 'fujitopo.Rd':
\examples lines wider than 100 characters:
PLOC=list(LON=range(fujitopo$lon), x=range(fujitopo$lon), LAT=range(fujitopo$lat), y=range(fujitopo$lat))
These lines will be truncated in the PDF manual.
Flavors: r-devel-linux-x86_64-debian-clang, r-devel-linux-x86_64-debian-gcc, r-patched-linux-x86_64, r-release-linux-x86_64
Version: 1.0-4
Flags: --no-stop-on-test-error
Check: installed package size
Result: NOTE
installed size is 26.1Mb
sub-directories of 1Mb or more:
data 26.0Mb
Flavors: r-devel-linux-x86_64-fedora-clang, r-devel-linux-x86_64-fedora-gcc, r-devel-macos-x86_64-clang
Version: 1.0-4
Flags: --no-stop-on-test-error
Check: DESCRIPTION meta-information
Result: NOTE
Malformed Description field: should contain one or more complete sentences.
Flavors: r-devel-linux-x86_64-fedora-clang, r-devel-linux-x86_64-fedora-gcc, r-devel-macos-x86_64-clang
Version: 1.0-4
Flags: --no-stop-on-test-error
Check: Rd line widths
Result: NOTE
Rd file 'fujitopo.Rd':
\examples lines wider than 100 characters:
PLOC=list(LON=range(fujitopo$lon), x=range(fujitopo$lon), LAT=range(fujitopo$lat), y=range(fujitopo$lat))
These lines will be truncated in the PDF manual.
Flavors: r-devel-linux-x86_64-fedora-clang, r-devel-linux-x86_64-fedora-gcc
Version: 1.0-4
Check: installed package size
Result: NOTE
installed size is 26.1Mb
sub-directories of 1Mb or more:
data 26.0Mb
Flavors: r-devel-windows-ix86+x86_64, r-patched-solaris-sparc, r-patched-solaris-x86, r-release-osx-x86_64-mavericks, r-release-windows-ix86+x86_64, r-oldrel-windows-ix86+x86_64