Last updated on 2016-12-28 23:47:13.
Flavor | Version | Tinstall | Tcheck | Ttotal | Status | Flags |
---|---|---|---|---|---|---|
r-devel-linux-x86_64-debian-clang | 0.3.0 | 1.00 | 128.21 | 129.21 | OK | |
r-devel-linux-x86_64-debian-gcc | 0.3.0 | 1.97 | 119.36 | 121.33 | OK | |
r-devel-linux-x86_64-fedora-clang | 0.3.0 | 232.43 | NOTE | --no-stop-on-test-error | ||
r-devel-linux-x86_64-fedora-gcc | 0.3.0 | 228.66 | NOTE | --no-stop-on-test-error | ||
r-devel-macos-x86_64-clang | 0.3.0 | 169.65 | NOTE | --no-stop-on-test-error | ||
r-devel-windows-ix86+x86_64 | 0.3.0 | 5.00 | 205.00 | 210.00 | OK | |
r-patched-linux-x86_64 | 0.3.0 | 0.88 | 111.45 | 112.33 | OK | |
r-patched-solaris-sparc | 0.3.0 | 1313.20 | NOTE | |||
r-patched-solaris-x86 | 0.3.0 | 230.00 | NOTE | |||
r-release-linux-x86_64 | 0.3.0 | 0.93 | 120.07 | 121.00 | OK | |
r-release-osx-x86_64-mavericks | 0.3.0 | NOTE | ||||
r-release-windows-ix86+x86_64 | 0.3.0 | 6.00 | 227.00 | 233.00 | OK | |
r-oldrel-windows-ix86+x86_64 | 0.1.0 | 7.00 | 91.00 | 98.00 | OK |
Version: 0.3.0
Flags: --no-stop-on-test-error
Check: dependencies in R code
Result: NOTE
Namespace in Imports field not imported from: ‘tibble’
All declared Imports should be used.
Flavors: r-devel-linux-x86_64-fedora-clang, r-devel-linux-x86_64-fedora-gcc, r-devel-macos-x86_64-clang
Version: 0.3.0
Flags: --no-stop-on-test-error
Check: data for non-ASCII characters
Result: NOTE
Note: found 2356 marked UTF-8 strings
Flavors: r-devel-linux-x86_64-fedora-clang, r-devel-linux-x86_64-fedora-gcc, r-devel-macos-x86_64-clang
Version: 0.3.0
Check: dependencies in R code
Result: NOTE
Namespace in Imports field not imported from: ‘tibble’
All declared Imports should be used.
Flavors: r-patched-solaris-sparc, r-patched-solaris-x86, r-release-osx-x86_64-mavericks
Version: 0.3.0
Check: data for non-ASCII characters
Result: NOTE
Note: found 2356 marked UTF-8 strings
Flavors: r-patched-solaris-sparc, r-patched-solaris-x86, r-release-osx-x86_64-mavericks