CRAN Package Check Results for Package ggrepel

Last updated on 2016-12-28 23:47:14.

Flavor Version Tinstall Tcheck Ttotal Status Flags
r-devel-linux-x86_64-debian-clang 0.6.5 8.87 40.16 49.04 WARN
r-devel-linux-x86_64-debian-gcc 0.6.5 9.21 30.05 39.27 OK
r-devel-linux-x86_64-fedora-clang 0.6.5 76.86 OK --no-stop-on-test-error
r-devel-linux-x86_64-fedora-gcc 0.6.5 74.76 OK --no-stop-on-test-error
r-devel-macos-x86_64-clang 0.6.5 57.78 OK --no-stop-on-test-error
r-devel-windows-ix86+x86_64 0.6.5 38.00 70.00 108.00 OK
r-patched-linux-x86_64 0.6.5 7.83 23.80 31.64 OK
r-patched-solaris-sparc 0.6.5 321.50 OK
r-patched-solaris-x86 0.6.5 70.60 OK
r-release-linux-x86_64 0.6.5 7.87 24.03 31.90 OK
r-release-osx-x86_64-mavericks 0.6.5 OK
r-release-windows-ix86+x86_64 0.6.5 38.00 54.00 92.00 OK
r-oldrel-windows-ix86+x86_64 0.6.5 28.00 57.00 85.00 OK

Check Details

Version: 0.6.5
Check: re-building of vignette outputs
Result: WARN
    Error in re-building vignettes:
     ...
     $ eval: logi FALSE
    
     ordinary text without R code
    
    label: session_info (with options)
    List of 1
     $ echo: logi TRUE
    
     ordinary text without R code
    
    output file: ggrepel.md
    
    [1] "ggrepel.md"
    There were 50 or more warnings (use warnings() to see the first 50)
    perl -i -pe 's{figures/}{https://github.com/slowkow/ggrepel/blob/master/vignettes/figures/}' ggrepel.md
    # Check if qe have pngquant installed.
    [ -x "`which pngquant 2>/dev/null`" ] && \
    pngquant --force --speed 1 --quality 0-10 figures/ggrepel/*.png && \
    for f in figures/ggrepel/*-fs8.png; do mv -f $f ${f%-fs8.png}.png; done
    Makefile:2: recipe for target 'ggrepel.md' failed
    make[1]: *** [ggrepel.md] Error 1
    make[1]: Leaving directory '/home/hornik/tmp/R.check/r-devel-clang/Work/PKGS/ggrepel.Rcheck/vign_test/ggrepel/vignettes'
    Error in buildVignettes(dir = "/home/hornik/tmp/R.check/r-devel-clang/Work/PKGS/ggrepel.Rcheck/vign_test/ggrepel") :
     running ‘make’ failed
    Execution halted
Flavor: r-devel-linux-x86_64-debian-clang