CRAN Package Check Results for Package glmpathcr

Last updated on 2016-12-28 23:47:14.

Flavor Version Tinstall Tcheck Ttotal Status Flags
r-devel-linux-x86_64-debian-clang 1.0.3 5.48 124.45 129.93 NOTE
r-devel-linux-x86_64-debian-gcc 1.0.3 5.68 112.71 118.39 NOTE
r-devel-linux-x86_64-fedora-clang 1.0.3 264.49 NOTE --no-stop-on-test-error
r-devel-linux-x86_64-fedora-gcc 1.0.3 244.95 NOTE --no-stop-on-test-error
r-devel-macos-x86_64-clang 1.0.3 219.12 NOTE --no-stop-on-test-error
r-devel-windows-ix86+x86_64 1.0.3 16.00 229.00 245.00 NOTE
r-patched-linux-x86_64 1.0.3 5.34 116.98 122.31 NOTE
r-patched-solaris-sparc 1.0.3 1810.30 NOTE
r-patched-solaris-x86 1.0.3 444.00 NOTE
r-release-linux-x86_64 1.0.3 5.30 112.19 117.49 NOTE
r-release-osx-x86_64-mavericks 1.0.3 NOTE
r-release-windows-ix86+x86_64 1.0.3 15.00 159.00 174.00 NOTE
r-oldrel-windows-ix86+x86_64 1.0.3 12.00 255.00 267.00 NOTE

Check Details

Version: 1.0.3
Check: DESCRIPTION meta-information
Result: NOTE
    Malformed Title field: should not end in a period.
Flavors: r-devel-linux-x86_64-debian-clang, r-devel-linux-x86_64-debian-gcc, r-devel-windows-ix86+x86_64, r-patched-linux-x86_64, r-patched-solaris-sparc, r-patched-solaris-x86, r-release-linux-x86_64, r-release-osx-x86_64-mavericks, r-release-windows-ix86+x86_64, r-oldrel-windows-ix86+x86_64

Version: 1.0.3
Check: dependencies in R code
Result: NOTE
    Packages in Depends field not imported from:
     ‘glmpath’ ‘mvtnorm’
     These packages need to be imported from (in the NAMESPACE file)
     for when this namespace is loaded but not attached.
Flavors: r-devel-linux-x86_64-debian-clang, r-devel-linux-x86_64-debian-gcc, r-devel-windows-ix86+x86_64, r-patched-linux-x86_64, r-patched-solaris-sparc, r-patched-solaris-x86, r-release-linux-x86_64, r-release-osx-x86_64-mavericks, r-release-windows-ix86+x86_64, r-oldrel-windows-ix86+x86_64

Version: 1.0.3
Check: R code for possible problems
Result: NOTE
    coef.glmpath.cr: no visible global function definition for ‘approx’
    fitted.glmpath.cr: no visible global function definition for ‘coef’
    glmpath.cr: no visible global function definition for ‘glmpath’
    glmpath.cr: no visible binding for global variable ‘binomial’
    nonzero.coef: no visible global function definition for ‘coef’
    plot.glmpath.cr: no visible global function definition for ‘par’
    plot.glmpath.cr: no visible global function definition for ‘plot’
    plot.glmpath.cr: no visible global function definition for ‘title’
    plot.glmpath.cr: no visible global function definition for ‘matplot’
    plot.glmpath.cr: no visible global function definition for ‘abline’
    plot.glmpath.cr: no visible global function definition for ‘axis’
    plot.glmpath.cr: no visible global function definition for ‘segments’
    predict.glmpath.cr: no visible global function definition for ‘coef’
    summary.glmpath.cr: no visible global function definition for ‘coef’
    Undefined global functions or variables:
     abline approx axis binomial coef glmpath matplot par plot segments
     title
    Consider adding
     importFrom("graphics", "abline", "axis", "matplot", "par", "plot",
     "segments", "title")
     importFrom("stats", "approx", "binomial", "coef")
    to your NAMESPACE file.
Flavors: r-devel-linux-x86_64-debian-clang, r-devel-linux-x86_64-debian-gcc, r-devel-windows-ix86+x86_64, r-patched-linux-x86_64, r-patched-solaris-sparc, r-patched-solaris-x86, r-release-linux-x86_64, r-release-osx-x86_64-mavericks, r-release-windows-ix86+x86_64

Version: 1.0.3
Flags: --no-stop-on-test-error
Check: DESCRIPTION meta-information
Result: NOTE
    Malformed Title field: should not end in a period.
Flavors: r-devel-linux-x86_64-fedora-clang, r-devel-linux-x86_64-fedora-gcc, r-devel-macos-x86_64-clang

Version: 1.0.3
Flags: --no-stop-on-test-error
Check: dependencies in R code
Result: NOTE
    Packages in Depends field not imported from:
     ‘glmpath’ ‘mvtnorm’
     These packages need to be imported from (in the NAMESPACE file)
     for when this namespace is loaded but not attached.
Flavors: r-devel-linux-x86_64-fedora-clang, r-devel-linux-x86_64-fedora-gcc, r-devel-macos-x86_64-clang

Version: 1.0.3
Flags: --no-stop-on-test-error
Check: R code for possible problems
Result: NOTE
    coef.glmpath.cr: no visible global function definition for ‘approx’
    fitted.glmpath.cr: no visible global function definition for ‘coef’
    glmpath.cr: no visible global function definition for ‘glmpath’
    glmpath.cr: no visible binding for global variable ‘binomial’
    nonzero.coef: no visible global function definition for ‘coef’
    plot.glmpath.cr: no visible global function definition for ‘par’
    plot.glmpath.cr: no visible global function definition for ‘plot’
    plot.glmpath.cr: no visible global function definition for ‘title’
    plot.glmpath.cr: no visible global function definition for ‘matplot’
    plot.glmpath.cr: no visible global function definition for ‘abline’
    plot.glmpath.cr: no visible global function definition for ‘axis’
    plot.glmpath.cr: no visible global function definition for ‘segments’
    predict.glmpath.cr: no visible global function definition for ‘coef’
    summary.glmpath.cr: no visible global function definition for ‘coef’
    Undefined global functions or variables:
     abline approx axis binomial coef glmpath matplot par plot segments
     title
    Consider adding
     importFrom("graphics", "abline", "axis", "matplot", "par", "plot",
     "segments", "title")
     importFrom("stats", "approx", "binomial", "coef")
    to your NAMESPACE file.
Flavors: r-devel-linux-x86_64-fedora-clang, r-devel-linux-x86_64-fedora-gcc, r-devel-macos-x86_64-clang

Version: 1.0.3
Check: R code for possible problems
Result: NOTE
    glmpath.cr: no visible global function definition for 'glmpath'
Flavor: r-oldrel-windows-ix86+x86_64