CRAN Package Check Results for Package gmwm

Last updated on 2016-12-28 23:47:14.

Flavor Version Tinstall Tcheck Ttotal Status Flags
r-devel-linux-x86_64-debian-clang 2.0.0 188.01 139.60 327.61 NOTE
r-devel-linux-x86_64-debian-gcc 2.0.0 211.36 139.34 350.71 NOTE
r-devel-linux-x86_64-fedora-clang 2.0.0 633.92 NOTE --no-stop-on-test-error
r-devel-linux-x86_64-fedora-gcc 2.0.0 637.64 NOTE --no-stop-on-test-error
r-devel-macos-x86_64-clang 2.0.0 411.12 NOTE --no-stop-on-test-error
r-devel-windows-ix86+x86_64 2.0.0 726.00 163.00 889.00 OK
r-patched-linux-x86_64 2.0.0 165.70 135.78 301.48 NOTE
r-patched-solaris-sparc 2.0.0 205.70 ERROR
r-patched-solaris-x86 2.0.0 37.60 ERROR
r-release-linux-x86_64 2.0.0 165.99 138.21 304.20 NOTE
r-release-osx-x86_64-mavericks 2.0.0 NOTE
r-release-windows-ix86+x86_64 2.0.0 734.00 176.00 910.00 OK
r-oldrel-windows-ix86+x86_64 2.0.0 490.00 148.00 638.00 OK

Check Details

Version: 2.0.0
Check: package dependencies
Result: NOTE
    Package suggested but not available for checking: ‘imudata’
Flavors: r-devel-linux-x86_64-debian-clang, r-devel-linux-x86_64-debian-gcc, r-patched-linux-x86_64, r-patched-solaris-sparc, r-patched-solaris-x86, r-release-linux-x86_64, r-release-osx-x86_64-mavericks

Version: 2.0.0
Flags: --no-stop-on-test-error
Check: package dependencies
Result: NOTE
    Package suggested but not available for checking: ‘imudata’
Flavors: r-devel-linux-x86_64-fedora-clang, r-devel-linux-x86_64-fedora-gcc, r-devel-macos-x86_64-clang

Version: 2.0.0
Flags: --no-stop-on-test-error
Check: installed package size
Result: NOTE
     installed size is 14.7Mb
     sub-directories of 1Mb or more:
     libs 13.5Mb
Flavors: r-devel-linux-x86_64-fedora-clang, r-devel-linux-x86_64-fedora-gcc

Version: 2.0.0
Check: whether package can be installed
Result: ERROR
    Installation failed.
Flavors: r-patched-solaris-sparc, r-patched-solaris-x86

Version: 2.0.0
Check: installed package size
Result: NOTE
     installed size is 15.2Mb
     sub-directories of 1Mb or more:
     libs 14.0Mb
Flavor: r-release-osx-x86_64-mavericks