CRAN Package Check Results for Package gridsample

Last updated on 2016-12-28 23:47:14.

Flavor Version Tinstall Tcheck Ttotal Status Flags
r-devel-linux-x86_64-debian-clang 0.1.3 5.25 62.44 67.69 OK
r-devel-linux-x86_64-debian-gcc 0.1.3 5.14 62.05 67.19 OK
r-devel-linux-x86_64-fedora-clang 0.1.3 143.49 OK --no-stop-on-test-error
r-devel-linux-x86_64-fedora-gcc 0.1.3 144.37 OK --no-stop-on-test-error
r-devel-macos-x86_64-clang 0.1.3 102.71 OK --no-stop-on-test-error
r-devel-windows-ix86+x86_64 0.1.3 16.00 116.00 132.00 OK
r-patched-linux-x86_64 0.1.3 4.65 56.60 61.25 OK
r-patched-solaris-sparc 0.1.3 753.10 OK
r-patched-solaris-x86 0.1.3 184.10 OK
r-release-linux-x86_64 0.1.3 4.95 56.13 61.08 OK
r-release-osx-x86_64-mavericks 0.1.3 NOTE
r-release-windows-ix86+x86_64 0.1.3 19.00 137.00 156.00 OK
r-oldrel-windows-ix86+x86_64 0.1.3 15.00 102.00 117.00 OK

Check Details

Version: 0.1.3
Check: R code for possible problems
Result: NOTE
    
    This data.table install has not detected OpenMP support. It will work but slower in single threaded mode.
Flavor: r-release-osx-x86_64-mavericks