CRAN Package Check Results for Package haplotypes

Last updated on 2016-12-28 23:47:15.

Flavor Version Tinstall Tcheck Ttotal Status Flags
r-devel-linux-x86_64-debian-clang 1.0 1.27 22.51 23.78 NOTE
r-devel-linux-x86_64-debian-gcc 1.0 1.18 22.22 23.40 NOTE
r-devel-linux-x86_64-fedora-clang 1.0 41.65 NOTE --no-stop-on-test-error
r-devel-linux-x86_64-fedora-gcc 1.0 41.50 NOTE --no-stop-on-test-error
r-devel-macos-x86_64-clang 1.0 33.61 NOTE --no-stop-on-test-error
r-devel-windows-ix86+x86_64 1.0 8.00 62.00 70.00 NOTE
r-patched-linux-x86_64 1.0 1.02 17.78 18.80 NOTE
r-patched-solaris-sparc 1.0 212.70 NOTE
r-patched-solaris-x86 1.0 44.70 NOTE
r-release-linux-x86_64 1.0 1.10 17.92 19.03 NOTE
r-release-osx-x86_64-mavericks 1.0 NOTE
r-release-windows-ix86+x86_64 1.0 5.00 36.00 41.00 NOTE
r-oldrel-windows-ix86+x86_64 1.0 4.00 52.00 56.00 OK

Check Details

Version: 1.0
Check: R code for possible problems
Result: NOTE
    clustersG: no visible global function definition for ‘combn’
    pairneidist: no visible global function definition for ‘as.dist’
    pairneidist: no visible global function definition for ‘combn’
    steplimit : .TempletonProb: no visible global function definition for
     ‘integrate’
    distance,Dna: no visible global function definition for ‘dist’
    distance,Dna: no visible global function definition for ‘combn’
    distance,Dna: no visible global function definition for ‘as.dist’
    pairnei,matrix: no visible global function definition for ‘as.dist’
    show,Dna: no visible global function definition for ‘head’
    Undefined global functions or variables:
     as.dist combn dist head integrate
    Consider adding
     importFrom("stats", "as.dist", "dist", "integrate")
     importFrom("utils", "combn", "head")
    to your NAMESPACE file.
Flavors: r-devel-linux-x86_64-debian-clang, r-devel-linux-x86_64-debian-gcc, r-devel-windows-ix86+x86_64, r-patched-linux-x86_64, r-patched-solaris-sparc, r-patched-solaris-x86, r-release-linux-x86_64, r-release-osx-x86_64-mavericks, r-release-windows-ix86+x86_64

Version: 1.0
Flags: --no-stop-on-test-error
Check: R code for possible problems
Result: NOTE
    clustersG: no visible global function definition for ‘combn’
    pairneidist: no visible global function definition for ‘as.dist’
    pairneidist: no visible global function definition for ‘combn’
    steplimit : .TempletonProb: no visible global function definition for
     ‘integrate’
    distance,Dna: no visible global function definition for ‘dist’
    distance,Dna: no visible global function definition for ‘combn’
    distance,Dna: no visible global function definition for ‘as.dist’
    pairnei,matrix: no visible global function definition for ‘as.dist’
    show,Dna: no visible global function definition for ‘head’
    Undefined global functions or variables:
     as.dist combn dist head integrate
    Consider adding
     importFrom("stats", "as.dist", "dist", "integrate")
     importFrom("utils", "combn", "head")
    to your NAMESPACE file.
Flavors: r-devel-linux-x86_64-fedora-clang, r-devel-linux-x86_64-fedora-gcc, r-devel-macos-x86_64-clang