CRAN Package Check Results for Package hashFunction

Last updated on 2016-12-28 23:47:15.

Flavor Version Tinstall Tcheck Ttotal Status Flags
r-devel-linux-x86_64-debian-clang 1.0 2.08 9.51 11.59 WARN
r-devel-linux-x86_64-debian-gcc 1.0 1.66 9.35 11.01 NOTE
r-devel-linux-x86_64-fedora-clang 1.0 18.24 WARN --no-stop-on-test-error
r-devel-linux-x86_64-fedora-gcc 1.0 16.92 NOTE --no-stop-on-test-error
r-devel-macos-x86_64-clang 1.0 15.38 WARN --no-stop-on-test-error
r-devel-windows-ix86+x86_64 1.0 17.00 37.00 54.00 NOTE
r-patched-linux-x86_64 1.0 1.55 7.88 9.43 NOTE
r-patched-solaris-sparc 1.0 87.20 NOTE
r-patched-solaris-x86 1.0 20.80 NOTE
r-release-linux-x86_64 1.0 1.50 7.92 9.42 NOTE
r-release-osx-x86_64-mavericks 1.0 NOTE
r-release-windows-ix86+x86_64 1.0 13.00 23.00 36.00 NOTE
r-oldrel-windows-ix86+x86_64 1.0 12.00 35.00 47.00 NOTE

Check Details

Version: 1.0
Check: package namespace information
Result: NOTE
     Namespace with empty importFrom: ‘utils’
Flavors: r-devel-linux-x86_64-debian-clang, r-devel-linux-x86_64-debian-gcc, r-devel-windows-ix86+x86_64, r-patched-linux-x86_64, r-patched-solaris-sparc, r-patched-solaris-x86, r-release-linux-x86_64, r-release-osx-x86_64-mavericks, r-release-windows-ix86+x86_64, r-oldrel-windows-ix86+x86_64

Version: 1.0
Check: whether package can be installed
Result: WARN
    Found the following significant warnings:
     ./City.h:82:23: warning: 'long long' is a C++11 extension [-Wc++11-long-long]
     City.cpp:93:26: warning: 'long long' is a C++11 extension [-Wc++11-long-long]
     City.cpp:94:26: warning: 'long long' is a C++11 extension [-Wc++11-long-long]
     City.cpp:95:26: warning: 'long long' is a C++11 extension [-Wc++11-long-long]
     City.cpp:96:26: warning: 'long long' is a C++11 extension [-Wc++11-long-long]
     MurmurHash3.cpp:87:8: warning: 'long long' is a C++11 extension [-Wc++11-long-long]
     MurmurHash3.cpp:89:8: warning: 'long long' is a C++11 extension [-Wc++11-long-long]
     MurmurHash3.cpp:267:23: warning: 'long long' is a C++11 extension [-Wc++11-long-long]
     MurmurHash3.cpp:268:23: warning: 'long long' is a C++11 extension [-Wc++11-long-long]
     ./Spooky.h:285:36: warning: 'long long' is a C++11 extension [-Wc++11-long-long]
Flavor: r-devel-linux-x86_64-debian-clang

Version: 1.0
Check: top-level files
Result: NOTE
    Non-standard file/directory found at top level:
     ‘test’
Flavors: r-devel-linux-x86_64-debian-clang, r-devel-linux-x86_64-debian-gcc, r-patched-linux-x86_64, r-release-linux-x86_64

Version: 1.0
Flags: --no-stop-on-test-error
Check: package namespace information
Result: NOTE
     Namespace with empty importFrom: ‘utils’
Flavors: r-devel-linux-x86_64-fedora-clang, r-devel-linux-x86_64-fedora-gcc, r-devel-macos-x86_64-clang

Version: 1.0
Flags: --no-stop-on-test-error
Check: whether package can be installed
Result: WARN
    Found the following significant warnings:
     ./City.h:82:23: warning: 'long long' is a C++11 extension [-Wc++11-long-long]
     City.cpp:93:26: warning: 'long long' is a C++11 extension [-Wc++11-long-long]
     City.cpp:94:26: warning: 'long long' is a C++11 extension [-Wc++11-long-long]
     City.cpp:95:26: warning: 'long long' is a C++11 extension [-Wc++11-long-long]
     City.cpp:96:26: warning: 'long long' is a C++11 extension [-Wc++11-long-long]
     MurmurHash3.cpp:87:8: warning: 'long long' is a C++11 extension [-Wc++11-long-long]
     MurmurHash3.cpp:89:8: warning: 'long long' is a C++11 extension [-Wc++11-long-long]
     MurmurHash3.cpp:267:23: warning: 'long long' is a C++11 extension [-Wc++11-long-long]
     MurmurHash3.cpp:268:23: warning: 'long long' is a C++11 extension [-Wc++11-long-long]
     ./Spooky.h:285:36: warning: 'long long' is a C++11 extension [-Wc++11-long-long]
Flavors: r-devel-linux-x86_64-fedora-clang, r-devel-macos-x86_64-clang

Version: 1.0
Flags: --no-stop-on-test-error
Check: top-level files
Result: NOTE
    Non-standard file/directory found at top level:
     ‘test’
Flavors: r-devel-linux-x86_64-fedora-clang, r-devel-linux-x86_64-fedora-gcc