Last updated on 2016-12-28 23:47:15.
Flavor | Version | Tinstall | Tcheck | Ttotal | Status | Flags |
---|---|---|---|---|---|---|
r-devel-linux-x86_64-debian-clang | 0.4.0 | 3.36 | 50.68 | 54.04 | OK | |
r-devel-linux-x86_64-debian-gcc | 0.4.0 | 3.24 | 52.45 | 55.69 | OK | |
r-devel-linux-x86_64-fedora-clang | 0.4.0 | 102.65 | OK | --no-stop-on-test-error | ||
r-devel-linux-x86_64-fedora-gcc | 0.4.0 | 102.83 | OK | --no-stop-on-test-error | ||
r-devel-macos-x86_64-clang | 0.4.0 | 83.60 | OK | --no-stop-on-test-error | ||
r-devel-windows-ix86+x86_64 | 0.4.0 | 15.00 | 140.00 | 155.00 | OK | |
r-patched-linux-x86_64 | 0.4.0 | 3.85 | 47.24 | 51.08 | OK | |
r-patched-solaris-sparc | 0.4.0 | 620.30 | WARN | |||
r-patched-solaris-x86 | 0.4.0 | 122.70 | WARN | |||
r-release-linux-x86_64 | 0.4.0 | 3.40 | 46.98 | 50.38 | OK | |
r-release-osx-x86_64-mavericks | 0.4.0 | WARN | ||||
r-release-windows-ix86+x86_64 | 0.4.0 | 21.00 | 138.00 | 159.00 | OK | |
r-oldrel-windows-ix86+x86_64 | 0.4.0 | 15.00 | 125.00 | 140.00 | OK |
Version: 0.4.0
Check: re-building of vignette outputs
Result: WARN
Error in re-building vignettes:
...
Warning in engine$weave(file, quiet = quiet, encoding = enc) :
Pandoc (>= 1.12.3) and/or pandoc-citeproc not available. Falling back to R Markdown v1.
Quitting from lines 58-81 (replicating-highcharts-demos.Rmd)
Error: processing vignette 'replicating-highcharts-demos.Rmd' failed with diagnostics:
cannot open the connection
Execution halted
Flavors: r-patched-solaris-sparc, r-patched-solaris-x86
Version: 0.4.0
Check: re-building of vignette outputs
Result: WARN
Error in re-building vignettes:
...
Warning in (if (grepl("\\.[Rr]md$", file)) knit2html else if (grepl("\\.[Rr]rst$", :
It seems you should call rmarkdown::render() instead of knitr::knit2html() because replicating-highcharts-demos.Rmd appears to be an R Markdown v2 document.
Quitting from lines 58-81 (replicating-highcharts-demos.Rmd)
Error: processing vignette 'replicating-highcharts-demos.Rmd' failed with diagnostics:
cannot open the connection
Execution halted
Flavor: r-release-osx-x86_64-mavericks