CRAN Package Check Results for Package hoardeR

Last updated on 2016-12-28 23:47:16.

Flavor Version Tinstall Tcheck Ttotal Status Flags
r-devel-linux-x86_64-debian-clang 0.9.2 11.31 118.38 129.69 OK
r-devel-linux-x86_64-debian-gcc 0.9.2 10.30 118.68 128.98 OK
r-devel-linux-x86_64-fedora-clang 0.9.2 277.18 OK --no-stop-on-test-error
r-devel-linux-x86_64-fedora-gcc 0.9.2 279.20 OK --no-stop-on-test-error
r-devel-macos-x86_64-clang 0.9.2 208.61 OK --no-stop-on-test-error
r-devel-windows-ix86+x86_64 0.9.2 35.00 293.00 328.00 OK
r-patched-linux-x86_64 0.9.2 9.25 110.75 119.99 OK
r-patched-solaris-sparc 0.9.2 14.80 ERROR
r-patched-solaris-x86 0.9.2 2.90 ERROR
r-release-linux-x86_64 0.9.2 9.68 109.67 119.35 OK
r-release-osx-x86_64-mavericks 0.9.2 ERROR
r-release-windows-ix86+x86_64 0.9.2 33.00 187.00 220.00 OK
r-oldrel-windows-ix86+x86_64 0.9.2 26.00 188.00 214.00 OK

Check Details

Version: 0.9.2
Check: package dependencies
Result: ERROR
    Package required but not available: ‘bamsignals’
    
    See section ‘The DESCRIPTION file’ in the ‘Writing R Extensions’
    manual.
Flavors: r-patched-solaris-sparc, r-patched-solaris-x86

Version: 0.9.2
Check: whether package can be installed
Result: ERROR
    Installation failed.
Flavor: r-release-osx-x86_64-mavericks