CRAN Package Check Results for Package htmltidy

Last updated on 2016-12-28 23:47:16.

Flavor Version Tinstall Tcheck Ttotal Status Flags
r-devel-linux-x86_64-debian-clang 0.3.0 24.13 19.09 43.23 WARN
r-devel-linux-x86_64-debian-gcc 0.3.0 24.87 18.78 43.65 OK
r-devel-linux-x86_64-fedora-clang 0.3.0 80.70 WARN --no-stop-on-test-error
r-devel-linux-x86_64-fedora-gcc 0.3.0 74.29 OK --no-stop-on-test-error
r-devel-macos-x86_64-clang 0.3.0 56.64 WARN --no-stop-on-test-error
r-devel-windows-ix86+x86_64 0.3.0 115.00 69.00 184.00 OK
r-patched-linux-x86_64 0.3.0 22.01 16.87 38.88 OK
r-patched-solaris-sparc 0.3.0 386.40 OK
r-patched-solaris-x86 0.3.0 84.70 OK
r-release-linux-x86_64 0.3.0 21.84 16.70 38.55 OK
r-release-osx-x86_64-mavericks 0.3.0 OK
r-release-windows-ix86+x86_64 0.3.0 119.00 42.00 161.00 OK
r-oldrel-windows-ix86+x86_64 0.3.0 91.00 55.00 146.00 OK

Check Details

Version: 0.3.0
Check: whether package can be installed
Result: WARN
    Found the following significant warnings:
     language.c:41:5: warning: flexible array initialization is a GNU extension [-Wgnu-flexible-array-initializer]
Flavor: r-devel-linux-x86_64-debian-clang

Version: 0.3.0
Flags: --no-stop-on-test-error
Check: whether package can be installed
Result: WARN
    Found the following significant warnings:
     language.c:41:5: warning: flexible array initialization is a GNU extension [-Wgnu-flexible-array-initializer]
Flavors: r-devel-linux-x86_64-fedora-clang, r-devel-macos-x86_64-clang