Last updated on 2016-12-28 23:47:16.
Flavor | Version | Tinstall | Tcheck | Ttotal | Status | Flags |
---|---|---|---|---|---|---|
r-devel-linux-x86_64-debian-clang | 0.3.5 | 7.43 | 17.55 | 24.98 | OK | |
r-devel-linux-x86_64-debian-gcc | 0.3.5 | 7.20 | 17.32 | 24.52 | OK | |
r-devel-linux-x86_64-fedora-clang | 0.3.5 | 47.18 | OK | --no-stop-on-test-error | ||
r-devel-linux-x86_64-fedora-gcc | 0.3.5 | 43.07 | OK | --no-stop-on-test-error | ||
r-devel-macos-x86_64-clang | 0.3.5 | 35.24 | OK | --no-stop-on-test-error | ||
r-devel-windows-ix86+x86_64 | 0.3.5 | 35.00 | 66.00 | 101.00 | OK | |
r-patched-linux-x86_64 | 0.3.5 | 6.31 | 15.13 | 21.44 | OK | |
r-patched-solaris-sparc | 0.3.5 | 241.10 | ERROR | |||
r-patched-solaris-x86 | 0.3.5 | 50.60 | ERROR | |||
r-release-linux-x86_64 | 0.3.5 | 6.29 | 14.95 | 21.24 | OK | |
r-release-osx-x86_64-mavericks | 0.3.5 | OK | ||||
r-release-windows-ix86+x86_64 | 0.3.5 | 38.00 | 41.00 | 79.00 | OK | |
r-oldrel-windows-ix86+x86_64 | 0.3.5 | 27.00 | 49.00 | 76.00 | OK |
Version: 0.3.5
Check: tests
Result: ERROR
Running ‘test-all.R’
Running the tests in ‘tests/test-all.R’ failed.
Last 13 lines of output:
Type 'demo()' for some demos, 'help()' for on-line help, or
'help.start()' for an HTML browser interface to help.
Type 'q()' to quit R.
> library(testthat)
> library(htmltools)
>
> test_check("htmltools")
Error in grepl("\n", lines, fixed = TRUE) : invalid multibyte string at '<f0><9f><98><8e>', making sure it's UTF-8 encoded on all platforms.'
Calls: test_check ... with_reporter -> force -> source_file -> srcfilecopy -> grepl
testthat results ================================================================
OK: 146 SKIPPED: 0 FAILED: 0
Execution halted
Flavors: r-patched-solaris-sparc, r-patched-solaris-x86