CRAN Package Check Results for Package iLaplace

Last updated on 2016-12-28 23:47:16.

Flavor Version Tinstall Tcheck Ttotal Status Flags
r-devel-linux-x86_64-debian-clang 1.1.0 11.71 18.28 29.99 OK
r-devel-linux-x86_64-debian-gcc 1.1.0 13.06 18.30 31.36 OK
r-devel-linux-x86_64-fedora-clang 1.1.0 58.60 OK --no-stop-on-test-error
r-devel-linux-x86_64-fedora-gcc 1.1.0 57.64 OK --no-stop-on-test-error
r-devel-macos-x86_64-clang 1.1.0 42.26 OK --no-stop-on-test-error
r-devel-windows-ix86+x86_64 1.1.0 67.00 81.00 148.00 OK
r-patched-linux-x86_64 1.1.0 10.59 15.71 26.30 OK
r-patched-solaris-sparc 1.1.0 275.70 OK
r-patched-solaris-x86 1.1.0 56.60 OK
r-release-linux-x86_64 1.1.0 10.28 15.49 25.78 OK
r-release-osx-x86_64-mavericks 1.1.0 OK
r-release-windows-ix86+x86_64 1.1.0 61.00 46.00 107.00 FAIL
r-oldrel-windows-ix86+x86_64 1.1.0 42.00 37.00 79.00 FAIL

Check Details

Version: 1.1.0
Check: running examples for arch ‘i386’
Result: FAIL
    
Flavors: r-release-windows-ix86+x86_64, r-oldrel-windows-ix86+x86_64