Last updated on 2016-12-28 23:47:16.
Flavor | Version | Tinstall | Tcheck | Ttotal | Status | Flags |
---|---|---|---|---|---|---|
r-devel-linux-x86_64-debian-clang | 1.3.1 | 50.51 | 56.61 | 107.12 | OK | |
r-devel-linux-x86_64-debian-gcc | 1.3.1 | 49.93 | 56.13 | 106.06 | OK | |
r-devel-linux-x86_64-fedora-clang | 1.3.1 | 223.74 | NOTE | --no-stop-on-test-error | ||
r-devel-linux-x86_64-fedora-gcc | 1.3.1 | 205.84 | NOTE | --no-stop-on-test-error | ||
r-devel-macos-x86_64-clang | 1.3.1 | 151.82 | NOTE | --no-stop-on-test-error | ||
r-devel-windows-ix86+x86_64 | 1.3.1 | 110.00 | 117.00 | 227.00 | OK | |
r-patched-linux-x86_64 | 1.3.1 | 42.20 | 52.18 | 94.39 | OK | |
r-patched-solaris-sparc | 1.3.1 | 973.70 | NOTE | --no-build-vignettes | ||
r-patched-solaris-x86 | 1.3.1 | 221.10 | NOTE | |||
r-release-linux-x86_64 | 1.3.1 | 41.95 | 53.70 | 95.65 | OK | |
r-release-osx-x86_64-mavericks | 1.3.1 | NOTE | ||||
r-release-windows-ix86+x86_64 | 1.3.1 | 107.00 | 102.00 | 209.00 | OK | |
r-oldrel-windows-ix86+x86_64 | 1.3.1 | 71.00 | 110.00 | 181.00 | NOTE |
Version: 1.3.1
Flags: --no-stop-on-test-error
Check: installed package size
Result: NOTE
installed size is 5.1Mb
sub-directories of 1Mb or more:
libs 2.6Mb
Flavors: r-devel-linux-x86_64-fedora-clang, r-devel-linux-x86_64-fedora-gcc
Version: 1.3.1
Flags: --no-stop-on-test-error
Check: data for non-ASCII characters
Result: NOTE
Note: found 14 marked Latin-1 strings
Note: found 39 marked UTF-8 strings
Flavors: r-devel-linux-x86_64-fedora-clang, r-devel-linux-x86_64-fedora-gcc, r-devel-macos-x86_64-clang
Version: 1.3.1
Flags: --no-build-vignettes
Check: package dependencies
Result: NOTE
Package suggested but not available for checking: ‘microbenchmark’
Flavor: r-patched-solaris-sparc
Version: 1.3.1
Flags: --no-build-vignettes
Check: data for non-ASCII characters
Result: NOTE
Note: found 14 marked Latin-1 strings
Note: found 39 marked UTF-8 strings
Flavor: r-patched-solaris-sparc
Version: 1.3.1
Check: package dependencies
Result: NOTE
Package suggested but not available for checking: ‘microbenchmark’
Flavor: r-patched-solaris-x86
Version: 1.3.1
Check: data for non-ASCII characters
Result: NOTE
Note: found 14 marked Latin-1 strings
Note: found 39 marked UTF-8 strings
Flavors: r-patched-solaris-x86, r-release-osx-x86_64-mavericks, r-oldrel-windows-ix86+x86_64
Version: 1.3.1
Check: installed package size
Result: NOTE
installed size is 5.1Mb
sub-directories of 1Mb or more:
libs 2.6Mb
Flavor: r-release-osx-x86_64-mavericks