Last updated on 2016-12-28 23:47:16.
Flavor | Version | Tinstall | Tcheck | Ttotal | Status | Flags |
---|---|---|---|---|---|---|
r-devel-linux-x86_64-debian-clang | 1.3.6 | 16.61 | 190.17 | 206.78 | OK | |
r-devel-linux-x86_64-debian-gcc | 1.3.6 | 16.63 | 192.19 | 208.81 | OK | |
r-devel-linux-x86_64-fedora-clang | 1.3.6 | 329.05 | NOTE | --no-stop-on-test-error | ||
r-devel-linux-x86_64-fedora-gcc | 1.3.6 | 333.51 | NOTE | --no-stop-on-test-error | ||
r-devel-macos-x86_64-clang | 1.3.6 | 126.64 | OK | --no-stop-on-test-error | ||
r-devel-windows-ix86+x86_64 | 1.3.6 | 48.00 | 237.00 | 285.00 | OK | |
r-patched-linux-x86_64 | 1.3.6 | 14.89 | 189.12 | 204.01 | OK | |
r-patched-solaris-sparc | 1.3.6 | 1061.80 | ERROR | |||
r-patched-solaris-x86 | 1.3.6 | 228.60 | OK | |||
r-release-linux-x86_64 | 1.3.6 | 15.35 | 186.97 | 202.32 | OK | |
r-release-osx-x86_64-mavericks | 1.3.6 | NOTE | ||||
r-release-windows-ix86+x86_64 | 1.3.6 | 46.00 | 195.00 | 241.00 | OK | |
r-oldrel-windows-ix86+x86_64 | 1.3.6 | 34.00 | 350.00 | 384.00 | OK |
Version: 1.3.6
Flags: --no-stop-on-test-error
Check: installed package size
Result: NOTE
installed size is 10.5Mb
sub-directories of 1Mb or more:
libs 9.8Mb
Flavors: r-devel-linux-x86_64-fedora-clang, r-devel-linux-x86_64-fedora-gcc
Version: 1.3.6
Check: examples
Result: ERROR
Running examples in ‘icenReg-Ex.R’ failed
The error most likely occurred in:
> ### Name: simIC_weib
> ### Title: Simulates interval censored data from regression model with a
> ### Weibull baseline
> ### Aliases: simIC_weib
>
> ### ** Examples
>
> set.seed(1)
> sim_data <- simIC_weib(n = 500, b1 = .3, b2 = -.3, model = 'ph',
+ shape = 2, scale = 2, inspections = 6,
+ inspectLength = 1)
> #simulates data from a cox-ph with beta weibull distribution.
>
> diag_covar(Surv(l, u, type = 'interval2') ~ x1 + x2,
+ data = sim_data, model = 'po')
> diag_covar(Surv(l, u, type = 'interval2') ~ x1 + x2,
+ data = sim_data, model = 'ph')
Error in ans[isOk] <- log(-log(x[isOk])) :
NAs are not allowed in subscripted assignments
Calls: diag_covar -> diag_covar -> s_trans
Execution halted
Flavor: r-patched-solaris-sparc
Version: 1.3.6
Check: installed package size
Result: NOTE
installed size is 10.7Mb
sub-directories of 1Mb or more:
libs 10.1Mb
Flavor: r-release-osx-x86_64-mavericks