CRAN Package Check Results for Package ids

Last updated on 2016-12-28 23:47:16.

Flavor Version Tinstall Tcheck Ttotal Status Flags
r-devel-linux-x86_64-debian-clang 1.0.0 0.70 14.67 15.37 OK
r-devel-linux-x86_64-debian-gcc 1.0.0 0.68 13.85 14.53 ERROR
r-devel-linux-x86_64-fedora-clang 1.0.0 25.35 OK --no-stop-on-test-error
r-devel-linux-x86_64-fedora-gcc 1.0.0 24.80 OK --no-stop-on-test-error
r-devel-macos-x86_64-clang 1.0.0 22.67 OK --no-stop-on-test-error
r-devel-windows-ix86+x86_64 1.0.0 3.00 49.00 52.00 OK
r-patched-linux-x86_64 1.0.0 0.67 11.15 11.82 OK
r-patched-solaris-sparc 1.0.0 114.70 OK
r-patched-solaris-x86 1.0.0 26.80 OK
r-release-linux-x86_64 1.0.0 0.56 10.99 11.55 OK
r-release-osx-x86_64-mavericks 1.0.0 OK
r-release-windows-ix86+x86_64 1.0.0 4.00 31.00 35.00 OK
r-oldrel-windows-ix86+x86_64 1.0.0 2.00 29.00 31.00 OK

Check Details

Version: 1.0.0
Check: tests
Result: ERROR
     Running ‘testthat.R’ [0s/1s]
    Running the tests in ‘tests/testthat.R’ failed.
    Last 13 lines of output:
    
     > library(testthat)
     > library(ids)
     >
     > test_check("ids")
     1. Failure: functional interface (@test-adjective-animal.R#64) -----------------
     all(grepl(re, x)) isn't true.
    
    
     testthat results ================================================================
     OK: 97 SKIPPED: 0 FAILED: 1
     1. Failure: functional interface (@test-adjective-animal.R#64)
    
     Error: testthat unit tests failed
     Execution halted
Flavor: r-devel-linux-x86_64-debian-gcc