CRAN Package Check Results for Package ie2miscdata

Last updated on 2016-12-28 23:47:16.

Flavor Version Tinstall Tcheck Ttotal Status Flags
r-devel-linux-x86_64-debian-clang 1.0.1 1.28 16.87 18.15 WARN
r-devel-linux-x86_64-debian-gcc 1.0.1 1.38 16.50 17.89 WARN
r-devel-linux-x86_64-fedora-clang 1.0.1 31.57 WARN --no-stop-on-test-error
r-devel-linux-x86_64-fedora-gcc 1.0.1 30.72 WARN --no-stop-on-test-error
r-devel-macos-x86_64-clang 1.0.1 27.96 WARN --no-stop-on-test-error
r-devel-windows-ix86+x86_64 1.0.1 7.00 40.00 47.00 WARN
r-patched-linux-x86_64 1.0.1 1.18 15.03 16.21 WARN
r-patched-solaris-sparc 1.0.1 184.90 WARN
r-patched-solaris-x86 1.0.1 40.20 WARN
r-release-linux-x86_64 1.0.1 1.23 14.52 15.75 WARN
r-release-osx-x86_64-mavericks 1.0.1 WARN
r-release-windows-ix86+x86_64 1.0.1 9.00 33.00 42.00 WARN
r-oldrel-windows-ix86+x86_64 1.0.1 7.00 35.00 42.00 NOTE

Check Details

Version: 1.0.1
Check: package dependencies
Result: NOTE
    Package suggested but not available for checking: ‘states2k’
Flavors: r-devel-linux-x86_64-debian-clang, r-devel-linux-x86_64-debian-gcc, r-devel-windows-ix86+x86_64, r-patched-linux-x86_64, r-patched-solaris-sparc, r-patched-solaris-x86, r-release-linux-x86_64, r-release-osx-x86_64-mavericks, r-release-windows-ix86+x86_64, r-oldrel-windows-ix86+x86_64

Version: 1.0.1
Check: re-building of vignette outputs
Result: WARN
    Error in re-building vignettes:
     ...
    Error in (function (package, help, pos = 2, lib.loc = NULL, character.only = FALSE, :
     there is no package called 'states2k'
    Quitting from lines 24-109 (US-Engineering-Weather-Map.Rmd)
    Error: processing vignette ‘US-Engineering-Weather-Map.Rmd’ failed with diagnostics:
    object ‘states2k_map’ not found
    Execution halted
Flavors: r-devel-linux-x86_64-debian-clang, r-devel-linux-x86_64-debian-gcc, r-devel-windows-ix86+x86_64, r-patched-linux-x86_64, r-release-linux-x86_64, r-release-windows-ix86+x86_64

Version: 1.0.1
Flags: --no-stop-on-test-error
Check: package dependencies
Result: NOTE
    Package suggested but not available for checking: ‘states2k’
Flavors: r-devel-linux-x86_64-fedora-clang, r-devel-linux-x86_64-fedora-gcc, r-devel-macos-x86_64-clang

Version: 1.0.1
Flags: --no-stop-on-test-error
Check: data for non-ASCII characters
Result: NOTE
     Note: found 4 marked UTF-8 strings
Flavors: r-devel-linux-x86_64-fedora-clang, r-devel-linux-x86_64-fedora-gcc, r-devel-macos-x86_64-clang

Version: 1.0.1
Flags: --no-stop-on-test-error
Check: re-building of vignette outputs
Result: WARN
    Error in re-building vignettes:
     ...
    Error in (function (package, help, pos = 2, lib.loc = NULL, character.only = FALSE, :
     there is no package called 'states2k'
    Quitting from lines 24-109 (US-Engineering-Weather-Map.Rmd)
    Error: processing vignette 'US-Engineering-Weather-Map.Rmd' failed with diagnostics:
    object 'states2k_map' not found
    Execution halted
Flavors: r-devel-linux-x86_64-fedora-clang, r-devel-linux-x86_64-fedora-gcc, r-devel-macos-x86_64-clang

Version: 1.0.1
Check: data for non-ASCII characters
Result: NOTE
     Note: found 4 marked UTF-8 strings
Flavors: r-patched-solaris-sparc, r-patched-solaris-x86, r-release-osx-x86_64-mavericks, r-oldrel-windows-ix86+x86_64

Version: 1.0.1
Check: re-building of vignette outputs
Result: WARN
    Error in re-building vignettes:
     ...
    Warning in engine$weave(file, quiet = quiet, encoding = enc) :
     Pandoc (>= 1.12.3) and/or pandoc-citeproc not available. Falling back to R Markdown v1.
    Error in (function (package, help, pos = 2, lib.loc = NULL, character.only = FALSE, :
     there is no package called 'states2k'
    Quitting from lines 24-109 (US-Engineering-Weather-Map.Rmd)
    Error: processing vignette 'US-Engineering-Weather-Map.Rmd' failed with diagnostics:
    object 'states2k_map' not found
    Execution halted
Flavors: r-patched-solaris-sparc, r-patched-solaris-x86

Version: 1.0.1
Check: re-building of vignette outputs
Result: WARN
    Error in re-building vignettes:
     ...
    Warning in (if (grepl("\\.[Rr]md$", file)) knit2html else if (grepl("\\.[Rr]rst$", :
     It seems you should call rmarkdown::render() instead of knitr::knit2html() because US-Engineering-Weather-Map.Rmd appears to be an R Markdown v2 document.
    Error in (function (package, help, pos = 2, lib.loc = NULL, character.only = FALSE, :
     there is no package called 'states2k'
    Quitting from lines 24-109 (US-Engineering-Weather-Map.Rmd)
    Error: processing vignette 'US-Engineering-Weather-Map.Rmd' failed with diagnostics:
    object 'states2k_map' not found
    Execution halted
Flavor: r-release-osx-x86_64-mavericks

Version: 1.0.1
Check: re-building of vignette outputs
Result: NOTE
    Error in re-building vignettes:
     ...
    Error in (function (package, help, pos = 2, lib.loc = NULL, character.only = FALSE, :
     there is no package called 'states2k'
    Quitting from lines 24-109 (US-Engineering-Weather-Map.Rmd)
    Error: processing vignette 'US-Engineering-Weather-Map.Rmd' failed with diagnostics:
    object 'states2k_map' not found
    Execution halted
Flavor: r-oldrel-windows-ix86+x86_64