CRAN Package Check Results for Package ips

Last updated on 2016-12-28 23:47:17.

Flavor Version Tinstall Tcheck Ttotal Status Flags
r-devel-linux-x86_64-debian-clang 0.0-7 1.68 27.18 28.86 NOTE
r-devel-linux-x86_64-debian-gcc 0.0-7 1.73 26.68 28.41 NOTE
r-devel-linux-x86_64-fedora-clang 0.0-7 49.31 NOTE --no-stop-on-test-error
r-devel-linux-x86_64-fedora-gcc 0.0-7 49.06 NOTE --no-stop-on-test-error
r-devel-macos-x86_64-clang 0.0-7 40.57 NOTE --no-stop-on-test-error
r-devel-windows-ix86+x86_64 0.0-7 7.00 68.00 75.00 NOTE
r-patched-linux-x86_64 0.0-7 1.50 24.47 25.96 NOTE
r-patched-solaris-sparc 0.0-7 270.50 NOTE
r-patched-solaris-x86 0.0-7 57.20 NOTE
r-release-linux-x86_64 0.0-7 1.47 23.52 24.98 NOTE
r-release-osx-x86_64-mavericks 0.0-7 NOTE
r-release-windows-ix86+x86_64 0.0-7 7.00 43.00 50.00 NOTE
r-oldrel-windows-ix86+x86_64 0.0-7 5.00 63.00 68.00 OK

Check Details

Version: 0.0-7
Check: R code for possible problems
Result: NOTE
    code.simple.gaps: no visible global function definition for ‘tail’
    multistateMCMC: no visible global function definition for ‘write.table’
    multistateMCMC: no visible global function definition for ‘read.table’
    multistateMCMC: no visible global function definition for ‘tail’
    multistateML: no visible global function definition for ‘tail’
    multistateML: no visible global function definition for ‘write.table’
    multistateML: no visible global function definition for ‘read.table’
    phylo2mafft: no visible global function definition for ‘write.table’
    read.beast : foo: no visible global function definition for ‘head’
    read.beast: no visible global function definition for ‘tail’
    read.starbeast: no visible global function definition for ‘head’
    trimEnds : replaceWithN : getIndex: no visible global function
     definition for ‘head’
    unresolve.clade: no visible global function definition for ‘tail’
    unresolve.clade: no visible global function definition for ‘head’
    write.fas: no visible global function definition for ‘tail’
    Undefined global functions or variables:
     head read.table tail write.table
    Consider adding
     importFrom("utils", "head", "read.table", "tail", "write.table")
    to your NAMESPACE file.
Flavors: r-devel-linux-x86_64-debian-clang, r-devel-linux-x86_64-debian-gcc, r-devel-windows-ix86+x86_64, r-patched-linux-x86_64, r-patched-solaris-sparc, r-patched-solaris-x86, r-release-linux-x86_64, r-release-osx-x86_64-mavericks, r-release-windows-ix86+x86_64

Version: 0.0-7
Flags: --no-stop-on-test-error
Check: R code for possible problems
Result: NOTE
    code.simple.gaps: no visible global function definition for ‘tail’
    multistateMCMC: no visible global function definition for ‘write.table’
    multistateMCMC: no visible global function definition for ‘read.table’
    multistateMCMC: no visible global function definition for ‘tail’
    multistateML: no visible global function definition for ‘tail’
    multistateML: no visible global function definition for ‘write.table’
    multistateML: no visible global function definition for ‘read.table’
    phylo2mafft: no visible global function definition for ‘write.table’
    read.beast : foo: no visible global function definition for ‘head’
    read.beast: no visible global function definition for ‘tail’
    read.starbeast: no visible global function definition for ‘head’
    trimEnds : replaceWithN : getIndex: no visible global function
     definition for ‘head’
    unresolve.clade: no visible global function definition for ‘tail’
    unresolve.clade: no visible global function definition for ‘head’
    write.fas: no visible global function definition for ‘tail’
    Undefined global functions or variables:
     head read.table tail write.table
    Consider adding
     importFrom("utils", "head", "read.table", "tail", "write.table")
    to your NAMESPACE file.
Flavors: r-devel-linux-x86_64-fedora-clang, r-devel-linux-x86_64-fedora-gcc, r-devel-macos-x86_64-clang