Last updated on 2016-12-28 23:47:17.
Flavor | Version | Tinstall | Tcheck | Ttotal | Status | Flags |
---|---|---|---|---|---|---|
r-devel-linux-x86_64-debian-clang | 0.3.0 | 12.53 | 15.74 | 28.28 | NOTE | |
r-devel-linux-x86_64-debian-gcc | 0.3.0 | 12.43 | 15.32 | 27.75 | NOTE | |
r-devel-linux-x86_64-fedora-clang | 0.3.0 | 54.37 | NOTE | --no-stop-on-test-error | ||
r-devel-linux-x86_64-fedora-gcc | 0.3.0 | 51.10 | NOTE | --no-stop-on-test-error | ||
r-devel-macos-x86_64-clang | 0.3.0 | 38.63 | NOTE | --no-stop-on-test-error | ||
r-devel-windows-ix86+x86_64 | 0.3.0 | 65.00 | 57.00 | 122.00 | NOTE | |
r-patched-linux-x86_64 | 0.3.0 | 10.39 | 13.22 | 23.61 | NOTE | |
r-patched-solaris-sparc | 0.3.0 | 257.00 | NOTE | |||
r-patched-solaris-x86 | 0.3.0 | 54.30 | NOTE | |||
r-release-linux-x86_64 | 0.3.0 | 10.67 | 13.11 | 23.78 | NOTE | |
r-release-osx-x86_64-mavericks | 0.3.0 | NOTE | ||||
r-release-windows-ix86+x86_64 | 0.3.0 | 61.00 | 36.00 | 97.00 | NOTE | |
r-oldrel-windows-ix86+x86_64 | 0.3.0 | 42.00 | 59.00 | 101.00 | NOTE |
Version: 0.3.0
Check: for GNU extensions in Makefiles
Result: NOTE
GNU make is a SystemRequirements.
Flavors: r-devel-linux-x86_64-debian-clang, r-devel-linux-x86_64-debian-gcc, r-devel-windows-ix86+x86_64, r-patched-linux-x86_64, r-patched-solaris-sparc, r-patched-solaris-x86, r-release-linux-x86_64, r-release-osx-x86_64-mavericks, r-release-windows-ix86+x86_64, r-oldrel-windows-ix86+x86_64
Version: 0.3.0
Flags: --no-stop-on-test-error
Check: for GNU extensions in Makefiles
Result: NOTE
GNU make is a SystemRequirements.
Flavors: r-devel-linux-x86_64-fedora-clang, r-devel-linux-x86_64-fedora-gcc, r-devel-macos-x86_64-clang