CRAN Package Check Results for Package joineRML

Last updated on 2016-12-28 23:47:17.

Flavor Version Tinstall Tcheck Ttotal Status Flags
r-devel-linux-x86_64-debian-clang 0.1.0 42.53 71.74 114.26 OK
r-devel-linux-x86_64-debian-gcc 0.1.0 45.13 71.78 116.91 OK
r-devel-linux-x86_64-fedora-clang 0.1.0 220.90 NOTE --no-stop-on-test-error
r-devel-linux-x86_64-fedora-gcc 0.1.0 222.68 NOTE --no-stop-on-test-error
r-devel-macos-x86_64-clang 0.1.0 138.48 OK --no-stop-on-test-error
r-patched-solaris-x86 0.1.0 1969.70 OK
r-release-linux-x86_64 0.1.0 35.91 64.54 100.45 OK
r-release-osx-x86_64-mavericks 0.1.0 NOTE
r-release-windows-ix86+x86_64 0.1.0 142.00 169.00 311.00 OK
r-oldrel-windows-ix86+x86_64 0.1.0 113.00 2.00 115.00 ERROR

Check Details

Version: 0.1.0
Flags: --no-stop-on-test-error
Check: installed package size
Result: NOTE
     installed size is 5.2Mb
     sub-directories of 1Mb or more:
     data 1.3Mb
     libs 3.0Mb
Flavors: r-devel-linux-x86_64-fedora-clang, r-devel-linux-x86_64-fedora-gcc

Version: 0.1.0
Check: installed package size
Result: NOTE
     installed size is 5.3Mb
     sub-directories of 1Mb or more:
     data 1.3Mb
     libs 3.1Mb
Flavor: r-release-osx-x86_64-mavericks

Version: 0.1.0
Check: whether package can be installed
Result: ERROR
    Installation failed.
Flavor: r-oldrel-windows-ix86+x86_64