Last updated on 2016-12-28 23:47:18.
Flavor | Version | Tinstall | Tcheck | Ttotal | Status | Flags |
---|---|---|---|---|---|---|
r-devel-linux-x86_64-debian-clang | 1.0.1 | 20.34 | 157.45 | 177.79 | OK | |
r-devel-linux-x86_64-debian-gcc | 1.0.1 | 20.28 | 160.35 | 180.63 | OK | |
r-devel-linux-x86_64-fedora-clang | 1.0.1 | 361.79 | NOTE | --no-stop-on-test-error | ||
r-devel-linux-x86_64-fedora-gcc | 1.0.1 | 358.25 | NOTE | --no-stop-on-test-error | ||
r-devel-macos-x86_64-clang | 1.0.1 | 268.34 | OK | --no-stop-on-test-error | ||
r-devel-windows-ix86+x86_64 | 1.0.1 | 77.00 | 571.00 | 648.00 | OK | |
r-patched-linux-x86_64 | 1.0.1 | 17.00 | 146.06 | 163.06 | OK | |
r-patched-solaris-sparc | 1.0.1 | 2101.80 | OK | |||
r-patched-solaris-x86 | 1.0.1 | 368.70 | OK | |||
r-release-linux-x86_64 | 1.0.1 | 16.45 | 152.67 | 169.13 | OK | |
r-release-osx-x86_64-mavericks | 1.0.1 | NOTE | ||||
r-release-windows-ix86+x86_64 | 1.0.1 | 71.00 | 380.00 | 451.00 | OK | |
r-oldrel-windows-ix86+x86_64 | 1.0.1 | 59.00 | 414.00 | 473.00 | OK |
Version: 1.0.1
Flags: --no-stop-on-test-error
Check: installed package size
Result: NOTE
installed size is 6.6Mb
sub-directories of 1Mb or more:
libs 6.4Mb
Flavors: r-devel-linux-x86_64-fedora-clang, r-devel-linux-x86_64-fedora-gcc
Version: 1.0.1
Check: installed package size
Result: NOTE
installed size is 6.8Mb
sub-directories of 1Mb or more:
libs 6.5Mb
Flavor: r-release-osx-x86_64-mavericks