CRAN Package Check Results for Package kokudosuuchi

Last updated on 2016-12-28 23:47:18.

Flavor Version Tinstall Tcheck Ttotal Status Flags
r-devel-linux-x86_64-debian-clang 0.2.0 1.14 30.41 31.55 OK
r-devel-linux-x86_64-debian-gcc 0.2.0 1.14 29.28 30.43 OK
r-devel-linux-x86_64-fedora-clang 0.2.0 47.69 ERROR --no-stop-on-test-error
r-devel-linux-x86_64-fedora-gcc 0.2.0 46.87 ERROR --no-stop-on-test-error
r-devel-macos-x86_64-clang 0.2.0 37.49 NOTE --no-stop-on-test-error
r-devel-windows-ix86+x86_64 0.2.0 5.00 72.00 77.00 OK
r-patched-linux-x86_64 0.2.0 1.22 27.55 28.78 OK
r-patched-solaris-sparc 0.2.0 261.20 NOTE
r-patched-solaris-x86 0.2.0 58.10 NOTE
r-release-linux-x86_64 0.2.0 1.16 27.33 28.49 OK
r-release-osx-x86_64-mavericks 0.2.0 NOTE
r-release-windows-ix86+x86_64 0.2.0 6.00 44.00 50.00 OK
r-oldrel-windows-ix86+x86_64 0.2.0 4.00 125.00 129.00 NOTE

Check Details

Version: 0.2.0
Flags: --no-stop-on-test-error
Check: data for non-ASCII characters
Result: NOTE
     Note: found 47 marked UTF-8 strings
Flavors: r-devel-linux-x86_64-fedora-clang, r-devel-linux-x86_64-fedora-gcc, r-devel-macos-x86_64-clang

Version: 0.2.0
Flags: --no-stop-on-test-error
Check: tests
Result: ERROR
     Running ‘testthat.R’ [14s/21s]
    Running the tests in ‘tests/testthat.R’ failed.
    Last 13 lines of output:
     names(d) not equal to c("W05-07_03-g_RiverNode", "W05-07_03-g_Stream").
     2/2 mismatches
     x[1]: "W05-07_03-g_Stream"
     y[1]: "W05-07_03-g_RiverNode"
    
     x[2]: "W05-07_03-g_RiverNode"
     y[2]: "W05-07_03-g_Stream"
    
    
     testthat results ================================================================
     OK: 3 SKIPPED: 0 FAILED: 1
     1. Failure: getKSJData works (@test-getData.R#6)
    
     Error: testthat unit tests failed
     Execution halted
Flavor: r-devel-linux-x86_64-fedora-clang

Version: 0.2.0
Flags: --no-stop-on-test-error
Check: tests
Result: ERROR
     Running ‘testthat.R’ [14s/22s]
    Running the tests in ‘tests/testthat.R’ failed.
    Last 13 lines of output:
     names(d) not equal to c("W05-07_03-g_RiverNode", "W05-07_03-g_Stream").
     2/2 mismatches
     x[1]: "W05-07_03-g_Stream"
     y[1]: "W05-07_03-g_RiverNode"
    
     x[2]: "W05-07_03-g_RiverNode"
     y[2]: "W05-07_03-g_Stream"
    
    
     testthat results ================================================================
     OK: 3 SKIPPED: 0 FAILED: 1
     1. Failure: getKSJData works (@test-getData.R#6)
    
     Error: testthat unit tests failed
     Execution halted
Flavor: r-devel-linux-x86_64-fedora-gcc

Version: 0.2.0
Check: data for non-ASCII characters
Result: NOTE
     Note: found 47 marked UTF-8 strings
Flavors: r-patched-solaris-sparc, r-patched-solaris-x86, r-release-osx-x86_64-mavericks, r-oldrel-windows-ix86+x86_64