Last updated on 2016-12-28 23:47:18.
Flavor | Version | Tinstall | Tcheck | Ttotal | Status | Flags |
---|---|---|---|---|---|---|
r-devel-linux-x86_64-debian-clang | 0.3 | 0.67 | 11.27 | 11.95 | NOTE | |
r-devel-linux-x86_64-debian-gcc | 0.3 | 0.70 | 11.26 | 11.96 | NOTE | |
r-devel-linux-x86_64-fedora-clang | 0.3 | 19.50 | NOTE | --no-stop-on-test-error | ||
r-devel-linux-x86_64-fedora-gcc | 0.3 | 18.79 | NOTE | --no-stop-on-test-error | ||
r-devel-macos-x86_64-clang | 0.3 | 16.97 | NOTE | --no-stop-on-test-error | ||
r-devel-windows-ix86+x86_64 | 0.3 | 5.00 | 24.00 | 29.00 | NOTE | |
r-patched-linux-x86_64 | 0.3 | 0.55 | 9.89 | 10.45 | NOTE | |
r-patched-solaris-sparc | 0.3 | 110.10 | NOTE | |||
r-patched-solaris-x86 | 0.3 | 25.10 | NOTE | |||
r-release-linux-x86_64 | 0.3 | 0.62 | 9.60 | 10.22 | NOTE | |
r-release-osx-x86_64-mavericks | 0.3 | NOTE | ||||
r-release-windows-ix86+x86_64 | 0.3 | 3.00 | 24.00 | 27.00 | NOTE | |
r-oldrel-windows-ix86+x86_64 | 0.3 | 4.00 | 23.00 | 27.00 | NOTE |
Version: 0.3
Check: DESCRIPTION meta-information
Result: NOTE
Malformed Description field: should contain one or more complete sentences.
Flavors: r-devel-linux-x86_64-debian-clang, r-devel-linux-x86_64-debian-gcc, r-devel-windows-ix86+x86_64, r-patched-linux-x86_64, r-patched-solaris-sparc, r-patched-solaris-x86, r-release-linux-x86_64, r-release-osx-x86_64-mavericks, r-release-windows-ix86+x86_64, r-oldrel-windows-ix86+x86_64
Version: 0.3
Check: R code for possible problems
Result: NOTE
extended.figures: no visible global function definition for ‘par’
extended.figures: no visible global function definition for ‘runif’
extended.figures : figure2: no visible global function definition for
‘hist’
extended.figures : figure2: no visible global function definition for
‘axis’
extended.figures : figure3 : <anonymous>: no visible global function
definition for ‘median’
extended.figures : figure3: no visible global function definition for
‘barplot’
Undefined global functions or variables:
axis barplot hist median par runif
Consider adding
importFrom("graphics", "axis", "barplot", "hist", "par")
importFrom("stats", "median", "runif")
to your NAMESPACE file.
Flavors: r-devel-linux-x86_64-debian-clang, r-devel-linux-x86_64-debian-gcc, r-devel-windows-ix86+x86_64, r-patched-linux-x86_64, r-patched-solaris-sparc, r-patched-solaris-x86, r-release-linux-x86_64, r-release-osx-x86_64-mavericks, r-release-windows-ix86+x86_64
Version: 0.3
Flags: --no-stop-on-test-error
Check: DESCRIPTION meta-information
Result: NOTE
Malformed Description field: should contain one or more complete sentences.
Flavors: r-devel-linux-x86_64-fedora-clang, r-devel-linux-x86_64-fedora-gcc, r-devel-macos-x86_64-clang
Version: 0.3
Flags: --no-stop-on-test-error
Check: R code for possible problems
Result: NOTE
extended.figures: no visible global function definition for ‘par’
extended.figures: no visible global function definition for ‘runif’
extended.figures : figure2: no visible global function definition for
‘hist’
extended.figures : figure2: no visible global function definition for
‘axis’
extended.figures : figure3 : <anonymous>: no visible global function
definition for ‘median’
extended.figures : figure3: no visible global function definition for
‘barplot’
Undefined global functions or variables:
axis barplot hist median par runif
Consider adding
importFrom("graphics", "axis", "barplot", "hist", "par")
importFrom("stats", "median", "runif")
to your NAMESPACE file.
Flavors: r-devel-linux-x86_64-fedora-clang, r-devel-linux-x86_64-fedora-gcc, r-devel-macos-x86_64-clang