CRAN Package Check Results for Package largeVis

Last updated on 2016-12-28 23:47:18.

Flavor Version Tinstall Tcheck Ttotal Status Flags
r-devel-linux-x86_64-debian-clang 0.1.10.2 111.30 33.99 145.29 OK --no-examples --no-tests --no-vignettes
r-devel-linux-x86_64-debian-gcc 0.1.10.2 123.83 33.94 157.77 OK --no-examples --no-tests --no-vignettes
r-devel-linux-x86_64-fedora-clang 0.1.10.2 440.99 NOTE --no-stop-on-test-error
r-devel-linux-x86_64-fedora-gcc 0.1.10.2 427.68 ERROR --no-stop-on-test-error
r-devel-macos-x86_64-clang 0.1.10.2 266.59 ERROR --no-stop-on-test-error
r-devel-windows-ix86+x86_64 0.1.10.2 417.00 259.00 676.00 NOTE
r-patched-linux-x86_64 0.1.10.2 106.26 30.24 136.50 OK --no-examples --no-tests --no-vignettes
r-patched-solaris-sparc 0.1.10.2 1412.20 ERROR
r-patched-solaris-x86 0.1.10.2 298.20 ERROR
r-release-linux-x86_64 0.1.10.2 106.32 30.38 136.70 OK --no-examples --no-tests --no-vignettes
r-release-osx-x86_64-mavericks 0.1.10.2 NOTE
r-release-windows-ix86+x86_64 0.1.10.2 426.00 244.00 670.00 NOTE
r-oldrel-windows-ix86+x86_64 0.1.10.2 40.00 2.00 42.00 ERROR

Check Details

Version: 0.1.10.2
Flags: --no-stop-on-test-error
Check: installed package size
Result: NOTE
     installed size is 15.3Mb
     sub-directories of 1Mb or more:
     doc 1.0Mb
     libs 10.2Mb
     testdata 1.9Mb
     vignettedata 2.0Mb
Flavors: r-devel-linux-x86_64-fedora-clang, r-devel-linux-x86_64-fedora-gcc, r-devel-macos-x86_64-clang

Version: 0.1.10.2
Flags: --no-stop-on-test-error
Check: tests
Result: ERROR
     Running ‘testthat.R’ [80s/86s]
    Running the tests in ‘tests/testthat.R’ failed.
    Last 13 lines of output:
     1. Failure: gplot isn't broken (@test_h_hdbscan.R#132) -------------------------
     plt <- gplot(clustering, t(dat)) produced warnings.
    
    
     2. Failure: gplot isn't broken (@test_h_hdbscan.R#133) -------------------------
     plt <- gplot(clustering, t(dat), text = TRUE) produced warnings.
    
    
     testthat results ================================================================
     OK: 107 SKIPPED: 4 FAILED: 2
     1. Failure: gplot isn't broken (@test_h_hdbscan.R#132)
     2. Failure: gplot isn't broken (@test_h_hdbscan.R#133)
    
     Error: testthat unit tests failed
     Execution halted
Flavor: r-devel-linux-x86_64-fedora-gcc

Version: 0.1.10.2
Flags: --no-stop-on-test-error
Check: tests
Result: ERROR
     Running ‘testthat.R’ [53s/55s]
    Running the tests in ‘tests/testthat.R’ failed.
    Last 13 lines of output:
     1. Failure: gplot isn't broken (@test_h_hdbscan.R#132) -------------------------
     plt <- gplot(clustering, t(dat)) produced warnings.
    
    
     2. Failure: gplot isn't broken (@test_h_hdbscan.R#133) -------------------------
     plt <- gplot(clustering, t(dat), text = TRUE) produced warnings.
    
    
     testthat results ================================================================
     OK: 107 SKIPPED: 4 FAILED: 2
     1. Failure: gplot isn't broken (@test_h_hdbscan.R#132)
     2. Failure: gplot isn't broken (@test_h_hdbscan.R#133)
    
     Error: testthat unit tests failed
     Execution halted
Flavor: r-devel-macos-x86_64-clang

Version: 0.1.10.2
Check: installed package size
Result: NOTE
     installed size is 8.2Mb
     sub-directories of 1Mb or more:
     doc 1.0Mb
     libs 3.1Mb
     testdata 1.9Mb
     vignettedata 2.0Mb
Flavors: r-devel-windows-ix86+x86_64, r-patched-solaris-sparc, r-patched-solaris-x86, r-release-osx-x86_64-mavericks, r-release-windows-ix86+x86_64

Version: 0.1.10.2
Check: tests
Result: ERROR
     Running ‘testthat.R’ [24s/31s]
    Running the tests in ‘tests/testthat.R’ failed.
    Last 13 lines of output:
     Warning: stack imbalance in '{', 223 then 221
     Warning: stack imbalance in '<-', 216 then 214
     9. Error: With a bigger dataset, performance is as expected (@test_b_neighbors.R#191)
     missing value where TRUE/FALSE needed
     1: randomProjectionTreeSearch(t(quakes), K = M, n_trees = 5, tree_threshold = 10, max_iter = t,
     verbose = FALSE, threads = 2, seed = 1974) at testthat/test_b_neighbors.R:191
     2: randomProjectionTreeSearch.matrix(t(quakes), K = M, n_trees = 5, tree_threshold = 10,
     max_iter = t, verbose = FALSE, threads = 2, seed = 1974)
    
    
     error:
     error: Mat::col(): index out of boundsMat::col(): index out of boundsterminate called recursively
     terminate called after throwing an instance of 'std::logic_error
Flavor: r-patched-solaris-sparc

Version: 0.1.10.2
Check: re-building of vignette outputs
Result: WARN
    Error in re-building vignettes:
     ...
    Warning in engine$weave(file, quiet = quiet, encoding = enc) :
     Pandoc (>= 1.12.3) and/or pandoc-citeproc not available. Falling back to R Markdown v1.
    Warning: `legend.margin` must be specified using `margin()`. For the old behavior use legend.spacing
    largeVis was compiled with 32-bit types. This will limit the size of the datasets it can process. Consider recompiling with -DARMA_64BIT_WORD
    Warning in engine$weave(file, quiet = quiet, encoding = enc) :
     Pandoc (>= 1.12.3) and/or pandoc-citeproc not available. Falling back to R Markdown v1.
    
    Attaching package: 'dplyr'
    
    The following objects are masked from 'package:stats':
    
     filter, lag
    
    The following objects are masked from 'package:base':
    
     intersect, setdiff, setequal, union
    
    Warning: `legend.margin` must be specified using `margin()`. For the old behavior use legend.spacing
    Error: C stack usage 151013948 is too close to the limit
    terminate called recursively
    terminate called after throwing an instance of '
Flavor: r-patched-solaris-sparc

Version: 0.1.10.2
Check: tests
Result: ERROR
     Running ‘testthat.R’ [7s/19s]
    Running the tests in ‘tests/testthat.R’ failed.
    Last 13 lines of output:
     Error: C stack usage 195062608 is too close to the limit
     Error: C stack usage 195062608 is too close to the limit
     Error: C stack usage 195062608 is too close to the limit
     Error: C stack usage 195062608 is too close to the limit
     Error: C stack usage 195062608 is too close to the limit
     Error: C stack usage 195062608 is too close to the limit
     Error: C stack usage 195062608 is too close to the limit
    
     error: Mat::col(): index out of bounds
    
     error: Mat::col(): index out of bounds
     terminate called after throwing an instance of 'std::logic_error'
     what(): Mat::col(): index out of bounds
Flavor: r-patched-solaris-x86

Version: 0.1.10.2
Check: re-building of vignette outputs
Result: WARN
    Error in re-building vignettes:
     ...
    Warning in engine$weave(file, quiet = quiet, encoding = enc) :
     Pandoc (>= 1.12.3) and/or pandoc-citeproc not available. Falling back to R Markdown v1.
    Warning: `legend.margin` must be specified using `margin()`. For the old behavior use legend.spacing
    largeVis was compiled with 32-bit types. This will limit the size of the datasets it can process. Consider recompiling with -DARMA_64BIT_WORD
    Warning in engine$weave(file, quiet = quiet, encoding = enc) :
     Pandoc (>= 1.12.3) and/or pandoc-citeproc not available. Falling back to R Markdown v1.
    
    Attaching package: 'dplyr'
    
    The following objects are masked from 'package:stats':
    
     filter, lag
    
    The following objects are masked from 'package:base':
    
     intersect, setdiff, setequal, union
    
    Warning: `legend.margin` must be specified using `margin()`. For the old behavior use legend.spacing
    Error: C stack usage 242969920 is too close to the limit
    Quitting from lines 195-219 (momentumandusedata.Rmd)
    Error: processing vignette 'momentumandusedata.Rmd' failed with diagnostics:
    missing value where TRUE/FALSE needed
    Execution halted
Flavor: r-patched-solaris-x86

Version: 0.1.10.2
Check: whether package can be installed
Result: ERROR
    Installation failed.
Flavor: r-oldrel-windows-ix86+x86_64