Last updated on 2016-12-28 23:47:19.
Flavor | Version | Tinstall | Tcheck | Ttotal | Status | Flags |
---|---|---|---|---|---|---|
r-devel-linux-x86_64-debian-clang | 1.4.0 | 0.94 | 14.44 | 15.37 | OK | |
r-devel-linux-x86_64-debian-gcc | 1.4.0 | 0.96 | 14.27 | 15.23 | OK | |
r-devel-linux-x86_64-fedora-clang | 1.4.0 | 25.24 | OK | --no-stop-on-test-error | ||
r-devel-linux-x86_64-fedora-gcc | 1.4.0 | 24.15 | OK | --no-stop-on-test-error | ||
r-devel-macos-x86_64-clang | 1.4.0 | 21.18 | OK | --no-stop-on-test-error | ||
r-devel-windows-ix86+x86_64 | 1.4.0 | 7.00 | 47.00 | 54.00 | OK | |
r-patched-linux-x86_64 | 1.4.0 | 0.95 | 11.98 | 12.93 | OK | |
r-patched-solaris-sparc | 1.4.0 | 143.20 | NOTE | |||
r-patched-solaris-x86 | 1.4.0 | 32.10 | OK | |||
r-release-linux-x86_64 | 1.4.0 | 1.04 | 11.89 | 12.93 | OK | |
r-release-osx-x86_64-mavericks | 1.4.0 | NOTE | ||||
r-release-windows-ix86+x86_64 | 1.4.0 | 5.00 | 30.00 | 35.00 | OK | |
r-oldrel-windows-ix86+x86_64 | 1.4.0 | 3.00 | 27.00 | 30.00 | OK |
Version: 1.4.0
Check: package dependencies
Result: NOTE
Package which this enhances but not available for checking: ‘reactR’
Flavors: r-patched-solaris-sparc, r-release-osx-x86_64-mavericks