Last updated on 2016-12-28 23:47:20.
Flavor | Version | Tinstall | Tcheck | Ttotal | Status | Flags |
---|---|---|---|---|---|---|
r-devel-linux-x86_64-debian-clang | 0.3.0 | 2.66 | 41.87 | 44.53 | OK | |
r-devel-linux-x86_64-debian-gcc | 0.3.0 | 2.76 | 40.92 | 43.68 | OK | |
r-devel-linux-x86_64-fedora-clang | 0.3.0 | 82.90 | NOTE | --no-stop-on-test-error | ||
r-devel-linux-x86_64-fedora-gcc | 0.3.0 | 83.55 | NOTE | --no-stop-on-test-error | ||
r-devel-macos-x86_64-clang | 0.3.0 | 66.00 | NOTE | --no-stop-on-test-error | ||
r-devel-windows-ix86+x86_64 | 0.3.0 | 11.00 | 92.00 | 103.00 | OK | |
r-patched-linux-x86_64 | 0.3.0 | 2.88 | 35.63 | 38.51 | OK | |
r-patched-solaris-x86 | 0.3.0 | 94.00 | NOTE | |||
r-release-linux-x86_64 | 0.3.0 | 2.68 | 35.88 | 38.55 | OK | |
r-release-osx-x86_64-mavericks | 0.3.0 | NOTE | ||||
r-release-windows-ix86+x86_64 | 0.3.0 | 15.00 | 81.00 | 96.00 | OK | |
r-oldrel-windows-ix86+x86_64 | 0.3.0 | 12.00 | 73.00 | 85.00 | NOTE |
Version: 0.3.0
Flags: --no-stop-on-test-error
Check: data for non-ASCII characters
Result: NOTE
Note: found 164 marked UTF-8 strings
Flavors: r-devel-linux-x86_64-fedora-clang, r-devel-linux-x86_64-fedora-gcc, r-devel-macos-x86_64-clang
Version: 0.3.0
Check: data for non-ASCII characters
Result: NOTE
Note: found 164 marked UTF-8 strings
Flavors: r-patched-solaris-x86, r-release-osx-x86_64-mavericks, r-oldrel-windows-ix86+x86_64