Last updated on 2016-12-28 23:47:20.
Flavor | Version | Tinstall | Tcheck | Ttotal | Status | Flags |
---|---|---|---|---|---|---|
r-devel-linux-x86_64-debian-clang | 1.2.1 | 27.63 | 29.30 | 56.94 | OK | |
r-devel-linux-x86_64-debian-gcc | 1.2.1 | 29.78 | 30.00 | 59.78 | OK | |
r-devel-linux-x86_64-fedora-clang | 1.2.1 | 116.21 | OK | --no-stop-on-test-error | ||
r-devel-linux-x86_64-fedora-gcc | 1.2.1 | 111.14 | OK | --no-stop-on-test-error | ||
r-devel-macos-x86_64-clang | 1.2.1 | 79.58 | OK | --no-stop-on-test-error | ||
r-devel-windows-ix86+x86_64 | 1.2.1 | 123.00 | 103.00 | 226.00 | OK | |
r-patched-linux-x86_64 | 1.2.1 | 23.43 | 24.76 | 48.19 | OK | |
r-patched-solaris-sparc | 1.2.1 | 466.90 | WARN | |||
r-patched-solaris-x86 | 1.2.1 | 92.90 | WARN | |||
r-release-linux-x86_64 | 1.2.1 | 23.48 | 24.22 | 47.70 | OK | |
r-release-osx-x86_64-mavericks | 1.2.1 | OK | ||||
r-release-windows-ix86+x86_64 | 1.2.1 | 114.00 | 65.00 | 179.00 | OK | |
r-oldrel-windows-ix86+x86_64 | 1.2.1 | 81.00 | 71.00 | 152.00 | OK |
Version: 1.2.1
Check: package dependencies
Result: NOTE
Package suggested but not available for checking: ‘microbenchmark’
Flavors: r-patched-solaris-sparc, r-patched-solaris-x86
Version: 1.2.1
Check: re-building of vignette outputs
Result: WARN
Error in re-building vignettes:
...
Warning in engine$weave(file, quiet = quiet, encoding = enc) :
Pandoc (>= 1.12.3) and/or pandoc-citeproc not available. Falling back to R Markdown v1.
Loading required package: Rcpp
Warning in engine$weave(file, quiet = quiet, encoding = enc) :
Pandoc (>= 1.12.3) and/or pandoc-citeproc not available. Falling back to R Markdown v1.
Quitting from lines 72-86 (matchingR-performance.Rmd)
Error: processing vignette 'matchingR-performance.Rmd' failed with diagnostics:
there is no package called 'microbenchmark'
Execution halted
Flavors: r-patched-solaris-sparc, r-patched-solaris-x86