CRAN Package Check Results for Package merTools

Last updated on 2016-12-28 23:47:21.

Flavor Version Tinstall Tcheck Ttotal Status Flags
r-devel-linux-x86_64-debian-clang 0.3.0 4.35 433.44 437.79 OK
r-devel-linux-x86_64-debian-gcc 0.3.0 4.50 425.17 429.67 OK
r-devel-linux-x86_64-fedora-clang 0.3.0 736.50 OK --no-stop-on-test-error
r-devel-linux-x86_64-fedora-gcc 0.3.0 825.68 OK --no-stop-on-test-error
r-devel-macos-x86_64-clang 0.3.0 597.58 OK --no-stop-on-test-error
r-devel-windows-ix86+x86_64 0.3.0 15.00 663.00 678.00 OK
r-patched-linux-x86_64 0.3.0 4.33 426.73 431.06 OK
r-patched-solaris-sparc 0.3.0 6960.40 WARN
r-patched-solaris-x86 0.3.0 1123.20 OK
r-release-linux-x86_64 0.3.0 4.16 417.44 421.61 OK
r-release-osx-x86_64-mavericks 0.3.0 OK
r-release-windows-ix86+x86_64 0.3.0 20.00 591.00 611.00 OK
r-oldrel-windows-ix86+x86_64 0.3.0 17.00 639.00 656.00 OK

Check Details

Version: 0.3.0
Check: re-building of vignette outputs
Result: WARN
    Error in re-building vignettes:
     ...
    Warning in engine$weave(file, quiet = quiet, encoding = enc) :
     Pandoc (>= 1.12.3) and/or pandoc-citeproc not available. Falling back to R Markdown v1.
    Loading required package: arm
    Loading required package: MASS
    Loading required package: Matrix
    Loading required package: lme4
    
    arm (Version 1.9-3, built: 2016-11-21)
    
    Working directory is /home/ripley/R/packages/tests32/merTools.Rcheck/vign_test/merTools/vignettes
    
    Loading required package: dplyr
    
    Attaching package: 'dplyr'
    
    The following object is masked from 'package:MASS':
    
     select
    
    The following objects are masked from 'package:stats':
    
     filter, lag
    
    The following objects are masked from 'package:base':
    
     intersect, setdiff, setequal, union
    
    Loading required package: Rcpp
    rstanarm (Version 2.13.1, packaged: 2016-11-20 16:59:31 UTC)
    - Do not expect the default priors to remain the same in future rstanarm versions.
    Thus, R scripts should specify priors explicitly, even if they are just the defaults.
    - For execution on a local, multicore CPU with excess RAM we recommend calling
    options(mc.cores = parallel::detectCores())
Flavor: r-patched-solaris-sparc