Last updated on 2016-12-28 23:47:21.
Flavor | Version | Tinstall | Tcheck | Ttotal | Status | Flags |
---|---|---|---|---|---|---|
r-devel-linux-x86_64-debian-clang | 1.0 | 4.41 | 57.43 | 61.84 | NOTE | |
r-devel-linux-x86_64-debian-gcc | 1.0 | 4.67 | 56.13 | 60.80 | NOTE | |
r-devel-linux-x86_64-fedora-clang | 1.0 | 131.65 | NOTE | --no-stop-on-test-error | ||
r-devel-linux-x86_64-fedora-gcc | 1.0 | 129.13 | NOTE | --no-stop-on-test-error | ||
r-devel-macos-x86_64-clang | 1.0 | 96.77 | NOTE | --no-stop-on-test-error | ||
r-devel-windows-ix86+x86_64 | 1.0 | 12.00 | 104.00 | 116.00 | NOTE | |
r-patched-linux-x86_64 | 1.0 | 4.56 | 51.92 | 56.48 | NOTE | |
r-patched-solaris-sparc | 1.0 | 707.60 | NOTE | |||
r-patched-solaris-x86 | 1.0 | 149.40 | NOTE | |||
r-release-linux-x86_64 | 1.0 | 4.29 | 51.34 | 55.63 | NOTE | |
r-release-osx-x86_64-mavericks | 1.0 | NOTE | ||||
r-release-windows-ix86+x86_64 | 1.0 | 16.00 | 90.00 | 106.00 | NOTE | |
r-oldrel-windows-ix86+x86_64 | 1.0 | 12.00 | 92.00 | 104.00 | OK |
Version: 1.0
Check: R code for possible problems
Result: NOTE
bcgVaccineData: no visible global function definition for ‘data’
bcgVaccineData: no visible global function definition for ‘qnorm’
hConfidence: no visible global function definition for ‘qchisq’
intervalEstimates_OneSgnf : crt: no visible global function definition
for ‘qt’
intervalEstimates_OneSgnf: no visible binding for global variable
‘qnorm’
metagenGeneralised: no visible binding for global variable ‘quantile’
performancePointH : property: no visible global function definition for
‘var’
performancePointR : property: no visible global function definition for
‘var’
pfunc : pfun: no visible global function definition for ‘uniroot’
pivotalStream: no visible global function definition for ‘rchisq’
pivotalStream : <anonymous>: no visible global function definition for
‘rchisq’
pivotalStream: no visible global function definition for ‘rnorm’
rBinomGauss: no visible global function definition for ‘rnorm’
rBinomGauss: no visible global function definition for ‘rbinom’
rD: no visible global function definition for ‘rchisq’
rY: no visible global function definition for ‘rnorm’
render: no visible global function definition for ‘pdf’
render: no visible global function definition for ‘dev.off’
renderSVG: no visible global function definition for ‘svg’
renderSVG: no visible global function definition for ‘dev.off’
Undefined global functions or variables:
data dev.off pdf qchisq qnorm qt quantile rbinom rchisq rnorm svg
uniroot var
Consider adding
importFrom("grDevices", "dev.off", "pdf", "svg")
importFrom("stats", "qchisq", "qnorm", "qt", "quantile", "rbinom",
"rchisq", "rnorm", "uniroot", "var")
importFrom("utils", "data")
to your NAMESPACE file.
Flavors: r-devel-linux-x86_64-debian-clang, r-devel-linux-x86_64-debian-gcc, r-devel-windows-ix86+x86_64, r-patched-linux-x86_64, r-patched-solaris-sparc, r-patched-solaris-x86, r-release-linux-x86_64, r-release-osx-x86_64-mavericks, r-release-windows-ix86+x86_64
Version: 1.0
Flags: --no-stop-on-test-error
Check: R code for possible problems
Result: NOTE
bcgVaccineData: no visible global function definition for ‘data’
bcgVaccineData: no visible global function definition for ‘qnorm’
hConfidence: no visible global function definition for ‘qchisq’
intervalEstimates_OneSgnf : crt: no visible global function definition
for ‘qt’
intervalEstimates_OneSgnf: no visible binding for global variable
‘qnorm’
metagenGeneralised: no visible binding for global variable ‘quantile’
performancePointH : property: no visible global function definition for
‘var’
performancePointR : property: no visible global function definition for
‘var’
pfunc : pfun: no visible global function definition for ‘uniroot’
pivotalStream: no visible global function definition for ‘rchisq’
pivotalStream : <anonymous>: no visible global function definition for
‘rchisq’
pivotalStream: no visible global function definition for ‘rnorm’
rBinomGauss: no visible global function definition for ‘rnorm’
rBinomGauss: no visible global function definition for ‘rbinom’
rD: no visible global function definition for ‘rchisq’
rY: no visible global function definition for ‘rnorm’
render: no visible global function definition for ‘pdf’
render: no visible global function definition for ‘dev.off’
renderSVG: no visible global function definition for ‘svg’
renderSVG: no visible global function definition for ‘dev.off’
Undefined global functions or variables:
data dev.off pdf qchisq qnorm qt quantile rbinom rchisq rnorm svg
uniroot var
Consider adding
importFrom("grDevices", "dev.off", "pdf", "svg")
importFrom("stats", "qchisq", "qnorm", "qt", "quantile", "rbinom",
"rchisq", "rnorm", "uniroot", "var")
importFrom("utils", "data")
to your NAMESPACE file.
Flavors: r-devel-linux-x86_64-fedora-clang, r-devel-linux-x86_64-fedora-gcc, r-devel-macos-x86_64-clang