Last updated on 2016-12-28 23:47:21.
Flavor | Version | Tinstall | Tcheck | Ttotal | Status | Flags |
---|---|---|---|---|---|---|
r-devel-linux-x86_64-debian-clang | 0.4.9 | 29.40 | 66.12 | 95.51 | OK | |
r-devel-linux-x86_64-debian-gcc | 0.4.9 | 31.67 | 63.62 | 95.29 | OK | |
r-devel-linux-x86_64-fedora-clang | 0.4.9 | 206.44 | OK | --no-stop-on-test-error | ||
r-devel-linux-x86_64-fedora-gcc | 0.4.9 | 197.44 | NOTE | --no-stop-on-test-error | ||
r-devel-macos-x86_64-clang | 0.4.9 | 136.16 | OK | --no-stop-on-test-error | ||
r-devel-windows-ix86+x86_64 | 0.4.9 | 105.00 | 154.00 | 259.00 | OK | |
r-patched-linux-x86_64 | 0.4.9 | 27.21 | 59.96 | 87.17 | OK | |
r-patched-solaris-sparc | 0.4.9 | 1015.20 | OK | |||
r-patched-solaris-x86 | 0.4.9 | 222.80 | OK | |||
r-release-linux-x86_64 | 0.4.9 | 27.26 | 60.20 | 87.46 | OK | |
r-release-osx-x86_64-mavericks | 0.4.9 | OK | ||||
r-release-windows-ix86+x86_64 | 0.4.9 | 117.00 | 129.00 | 246.00 | OK | |
r-oldrel-windows-ix86+x86_64 | 0.4.9 | 89.00 | 147.00 | 236.00 | OK |
Memtest notes: clang-UBSAN
Version: 0.4.9
Flags: --no-stop-on-test-error
Check: installed package size
Result: NOTE
installed size is 5.1Mb
sub-directories of 1Mb or more:
data 2.0Mb
libs 2.5Mb
Flavor: r-devel-linux-x86_64-fedora-gcc