Last updated on 2016-12-28 23:47:22.
Flavor | Version | Tinstall | Tcheck | Ttotal | Status | Flags |
---|---|---|---|---|---|---|
r-devel-linux-x86_64-debian-clang | 1.1 | 3.52 | 42.47 | 46.00 | NOTE | |
r-devel-linux-x86_64-debian-gcc | 1.1 | 3.64 | 42.71 | 46.35 | NOTE | |
r-devel-linux-x86_64-fedora-clang | 1.1 | 103.75 | NOTE | --no-stop-on-test-error | ||
r-devel-linux-x86_64-fedora-gcc | 1.1 | 101.66 | NOTE | --no-stop-on-test-error | ||
r-devel-macos-x86_64-clang | 1.1 | 76.53 | NOTE | --no-stop-on-test-error | ||
r-devel-windows-ix86+x86_64 | 1.1 | 10.00 | 97.00 | 107.00 | NOTE | |
r-patched-linux-x86_64 | 1.1 | 3.46 | 39.80 | 43.25 | NOTE | |
r-patched-solaris-sparc | 1.1 | 552.50 | NOTE | |||
r-patched-solaris-x86 | 1.1 | 122.40 | NOTE | |||
r-release-linux-x86_64 | 1.1 | 3.67 | 39.38 | 43.05 | NOTE | |
r-release-osx-x86_64-mavericks | 1.1 | NOTE | ||||
r-release-windows-ix86+x86_64 | 1.1 | 12.00 | 66.00 | 78.00 | NOTE | |
r-oldrel-windows-ix86+x86_64 | 1.1 | 8.00 | 69.00 | 77.00 | OK |
Version: 1.1
Check: R code for possible problems
Result: NOTE
.default_model: no visible global function definition for ‘is’
.guess_type: no visible global function definition for ‘is.ts’
.parse_trans: no visible binding for global variable ‘qnorm’
do_get_data_from_disk: no visible global function definition for
‘read.csv’
do_get_data_from_mi: no visible global function definition for ‘data’
do_get_data_from_r : <anonymous>: no visible global function definition
for ‘is’
do_parametric_eval : <anonymous>: no visible global function definition
for ‘dev.off’
do_parametric_eval : <anonymous>: no visible global function definition
for ‘title’
do_var_options : varHandler2: no visible global function definition for
‘is’
do_var_options : varHandler3: no visible global function definition for
‘getClass’
do_var_options : varHandler3: no visible global function definition for
‘is’
do_var_options : changeHandler: no visible global function definition
for ‘is’
do_var_options : <anonymous>: no visible global function definition for
‘title’
do_var_options: no visible global function definition for ‘getClass’
do_var_options: no visible global function definition for ‘is’
helpHandler: no visible global function definition for ‘browseURL’
is.method_in_mi: no visible global function definition for
‘selectMethod’
is.method_in_mi: no visible global function definition for ‘signature’
Undefined global functions or variables:
browseURL data dev.off getClass is is.ts qnorm read.csv selectMethod
signature title
Consider adding
importFrom("grDevices", "dev.off")
importFrom("graphics", "title")
importFrom("methods", "getClass", "is", "selectMethod", "signature")
importFrom("stats", "is.ts", "qnorm")
importFrom("utils", "browseURL", "data", "read.csv")
to your NAMESPACE file (and ensure that your DESCRIPTION Imports field
contains 'methods').
Flavors: r-devel-linux-x86_64-debian-clang, r-devel-linux-x86_64-debian-gcc, r-devel-windows-ix86+x86_64, r-patched-linux-x86_64, r-patched-solaris-sparc, r-patched-solaris-x86, r-release-linux-x86_64, r-release-osx-x86_64-mavericks, r-release-windows-ix86+x86_64
Version: 1.1
Flags: --no-stop-on-test-error
Check: R code for possible problems
Result: NOTE
.default_model: no visible global function definition for ‘is’
.guess_type: no visible global function definition for ‘is.ts’
.parse_trans: no visible binding for global variable ‘qnorm’
do_get_data_from_disk: no visible global function definition for
‘read.csv’
do_get_data_from_mi: no visible global function definition for ‘data’
do_get_data_from_r : <anonymous>: no visible global function definition
for ‘is’
do_parametric_eval : <anonymous>: no visible global function definition
for ‘dev.off’
do_parametric_eval : <anonymous>: no visible global function definition
for ‘title’
do_var_options : varHandler2: no visible global function definition for
‘is’
do_var_options : varHandler3: no visible global function definition for
‘getClass’
do_var_options : varHandler3: no visible global function definition for
‘is’
do_var_options : changeHandler: no visible global function definition
for ‘is’
do_var_options : <anonymous>: no visible global function definition for
‘title’
do_var_options: no visible global function definition for ‘getClass’
do_var_options: no visible global function definition for ‘is’
helpHandler: no visible global function definition for ‘browseURL’
is.method_in_mi: no visible global function definition for
‘selectMethod’
is.method_in_mi: no visible global function definition for ‘signature’
Undefined global functions or variables:
browseURL data dev.off getClass is is.ts qnorm read.csv selectMethod
signature title
Consider adding
importFrom("grDevices", "dev.off")
importFrom("graphics", "title")
importFrom("methods", "getClass", "is", "selectMethod", "signature")
importFrom("stats", "is.ts", "qnorm")
importFrom("utils", "browseURL", "data", "read.csv")
to your NAMESPACE file (and ensure that your DESCRIPTION Imports field
contains 'methods').
Flavors: r-devel-linux-x86_64-fedora-clang, r-devel-linux-x86_64-fedora-gcc, r-devel-macos-x86_64-clang