CRAN Package Check Results for Package misreport

Last updated on 2016-12-28 23:47:22.

Flavor Version Tinstall Tcheck Ttotal Status Flags
r-devel-linux-x86_64-debian-clang 0.1.0 0.90 14.59 15.50 OK
r-devel-linux-x86_64-debian-gcc 0.1.0 0.92 14.54 15.46 OK
r-devel-linux-x86_64-fedora-clang 0.1.0 26.25 NOTE --no-stop-on-test-error
r-devel-linux-x86_64-fedora-gcc 0.1.0 24.69 NOTE --no-stop-on-test-error
r-devel-macos-x86_64-clang 0.1.0 22.39 NOTE --no-stop-on-test-error
r-devel-windows-ix86+x86_64 0.1.0 4.00 40.00 44.00 OK
r-patched-linux-x86_64 0.1.0 0.83 12.82 13.65 OK
r-patched-solaris-sparc 0.1.0 153.50 NOTE
r-patched-solaris-x86 0.1.0 31.40 NOTE
r-release-linux-x86_64 0.1.0 0.91 12.96 13.87 OK
r-release-osx-x86_64-mavericks 0.1.0 NOTE
r-release-windows-ix86+x86_64 0.1.0 5.00 29.00 34.00 OK
r-oldrel-windows-ix86+x86_64 0.1.0 4.00 27.00 31.00 NOTE

Check Details

Version: 0.1.0
Flags: --no-stop-on-test-error
Check: dependencies in R code
Result: NOTE
    Namespace in Imports field not imported from: ‘mvtnorm’
     All declared Imports should be used.
Flavors: r-devel-linux-x86_64-fedora-clang, r-devel-linux-x86_64-fedora-gcc, r-devel-macos-x86_64-clang

Version: 0.1.0
Check: dependencies in R code
Result: NOTE
    Namespace in Imports field not imported from: ‘mvtnorm’
     All declared Imports should be used.
Flavors: r-patched-solaris-sparc, r-patched-solaris-x86, r-release-osx-x86_64-mavericks, r-oldrel-windows-ix86+x86_64