CRAN Package Check Results for Package missForest

Last updated on 2016-12-28 23:47:22.

Flavor Version Tinstall Tcheck Ttotal Status Flags
r-devel-linux-x86_64-debian-clang 1.4 0.76 13.59 14.35 NOTE
r-devel-linux-x86_64-debian-gcc 1.4 0.74 13.57 14.31 NOTE
r-devel-linux-x86_64-fedora-clang 1.4 24.37 NOTE --no-stop-on-test-error
r-devel-linux-x86_64-fedora-gcc 1.4 23.88 NOTE --no-stop-on-test-error
r-devel-macos-x86_64-clang 1.4 21.31 NOTE --no-stop-on-test-error
r-devel-windows-ix86+x86_64 1.4 5.00 44.00 49.00 NOTE
r-patched-linux-x86_64 1.4 0.73 11.46 12.19 NOTE
r-patched-solaris-sparc 1.4 138.00 NOTE
r-patched-solaris-x86 1.4 29.50 NOTE
r-release-linux-x86_64 1.4 0.74 11.28 12.02 NOTE
r-release-osx-x86_64-mavericks 1.4 NOTE
r-release-windows-ix86+x86_64 1.4 4.00 30.00 34.00 NOTE
r-oldrel-windows-ix86+x86_64 1.4 3.00 36.00 39.00 NOTE

Check Details

Version: 1.4
Check: R code for possible problems
Result: NOTE
    missForest: no visible global function definition for ‘predict’
    missForest: no visible global function definition for ‘idiv’
    missForest: no visible global function definition for ‘var’
    nrmse: no visible global function definition for ‘var’
    Undefined global functions or variables:
     idiv predict var
    Consider adding
     importFrom("stats", "predict", "var")
    to your NAMESPACE file.
Flavors: r-devel-linux-x86_64-debian-clang, r-devel-linux-x86_64-debian-gcc, r-devel-windows-ix86+x86_64, r-patched-linux-x86_64, r-patched-solaris-sparc, r-patched-solaris-x86, r-release-linux-x86_64, r-release-osx-x86_64-mavericks, r-release-windows-ix86+x86_64

Version: 1.4
Flags: --no-stop-on-test-error
Check: R code for possible problems
Result: NOTE
    missForest: no visible global function definition for ‘predict’
    missForest: no visible global function definition for ‘idiv’
    missForest: no visible global function definition for ‘var’
    nrmse: no visible global function definition for ‘var’
    Undefined global functions or variables:
     idiv predict var
    Consider adding
     importFrom("stats", "predict", "var")
    to your NAMESPACE file.
Flavors: r-devel-linux-x86_64-fedora-clang, r-devel-linux-x86_64-fedora-gcc, r-devel-macos-x86_64-clang

Version: 1.4
Check: R code for possible problems
Result: NOTE
    missForest: no visible global function definition for 'idiv'
Flavor: r-oldrel-windows-ix86+x86_64