Last updated on 2016-12-28 23:47:22.
Flavor | Version | Tinstall | Tcheck | Ttotal | Status | Flags |
---|---|---|---|---|---|---|
r-devel-linux-x86_64-debian-clang | 0.0-5 | 0.64 | 16.26 | 16.90 | NOTE | |
r-devel-linux-x86_64-debian-gcc | 0.0-5 | 0.72 | 16.20 | 16.92 | NOTE | |
r-devel-linux-x86_64-fedora-clang | 0.0-5 | 29.65 | NOTE | --no-stop-on-test-error | ||
r-devel-linux-x86_64-fedora-gcc | 0.0-5 | 28.70 | NOTE | --no-stop-on-test-error | ||
r-devel-macos-x86_64-clang | 0.0-5 | 24.49 | NOTE | --no-stop-on-test-error | ||
r-devel-windows-ix86+x86_64 | 0.0-5 | 2.00 | 32.00 | 34.00 | NOTE | |
r-patched-linux-x86_64 | 0.0-5 | 0.58 | 14.68 | 15.26 | NOTE | |
r-patched-solaris-sparc | 0.0-5 | 168.40 | NOTE | |||
r-patched-solaris-x86 | 0.0-5 | 33.10 | NOTE | |||
r-release-linux-x86_64 | 0.0-5 | 0.58 | 14.91 | 15.49 | NOTE | |
r-release-osx-x86_64-mavericks | 0.0-5 | NOTE | ||||
r-release-windows-ix86+x86_64 | 0.0-5 | 2.00 | 32.00 | 34.00 | NOTE | |
r-oldrel-windows-ix86+x86_64 | 0.0-5 | 2.00 | 31.00 | 33.00 | NOTE |
Version: 0.0-5
Check: DESCRIPTION meta-information
Result: NOTE
Malformed Title field: should not end in a period.
Flavors: r-devel-linux-x86_64-debian-clang, r-devel-linux-x86_64-debian-gcc, r-devel-windows-ix86+x86_64, r-patched-linux-x86_64, r-patched-solaris-sparc, r-patched-solaris-x86, r-release-linux-x86_64, r-release-osx-x86_64-mavericks, r-release-windows-ix86+x86_64, r-oldrel-windows-ix86+x86_64
Version: 0.0-5
Check: S3 generic/method consistency
Result: NOTE
Found the following apparent S3 methods exported but not registered:
plot.cband plot.mresid
See section ‘Registering S3 methods’ in the ‘Writing R Extensions’
manual.
Flavors: r-devel-linux-x86_64-debian-clang, r-devel-linux-x86_64-debian-gcc, r-patched-linux-x86_64, r-patched-solaris-sparc, r-patched-solaris-x86, r-release-linux-x86_64
Version: 0.0-5
Check: R code for possible problems
Result: NOTE
cband: no visible global function definition for ‘qnorm’
cband: no visible global function definition for ‘plot’
gfun: no visible global function definition for ‘dnorm’
init.rand: no visible global function definition for ‘lm’
init.rand: no visible global function definition for ‘coef’
init.rand: no visible global function definition for ‘rnorm’
mixreg: no visible global function definition for ‘lm’
mixreg: no visible global function definition for ‘coef’
mixreg: no visible global function definition for ‘fitted’
par.uin: no visible global function definition for ‘par’
plot.cband: no visible global function definition for ‘plot’
plot.cband: no visible global function definition for ‘points’
plot.cband: no visible global function definition for ‘lines’
plot.cband: no visible global function definition for ‘title’
plot.mresid: no visible global function definition for ‘plot’
plot.mresid: no visible global function definition for ‘polygon’
qq.mix: no visible global function definition for ‘qnorm’
qq.mix: no visible global function definition for ‘plot’
qq.mix: no visible global function definition for ‘polygon’
simmix: no visible global function definition for ‘rnorm’
Undefined global functions or variables:
coef dnorm fitted lines lm par plot points polygon qnorm rnorm title
Consider adding
importFrom("graphics", "lines", "par", "plot", "points", "polygon",
"title")
importFrom("stats", "coef", "dnorm", "fitted", "lm", "qnorm", "rnorm")
to your NAMESPACE file.
Flavors: r-devel-linux-x86_64-debian-clang, r-devel-linux-x86_64-debian-gcc, r-devel-windows-ix86+x86_64, r-patched-linux-x86_64, r-patched-solaris-sparc, r-patched-solaris-x86, r-release-linux-x86_64, r-release-osx-x86_64-mavericks, r-release-windows-ix86+x86_64
Version: 0.0-5
Flags: --no-stop-on-test-error
Check: DESCRIPTION meta-information
Result: NOTE
Malformed Title field: should not end in a period.
Flavors: r-devel-linux-x86_64-fedora-clang, r-devel-linux-x86_64-fedora-gcc, r-devel-macos-x86_64-clang
Version: 0.0-5
Flags: --no-stop-on-test-error
Check: S3 generic/method consistency
Result: NOTE
Found the following apparent S3 methods exported but not registered:
plot.cband plot.mresid
See section ‘Registering S3 methods’ in the ‘Writing R Extensions’
manual.
Flavors: r-devel-linux-x86_64-fedora-clang, r-devel-linux-x86_64-fedora-gcc, r-devel-macos-x86_64-clang
Version: 0.0-5
Flags: --no-stop-on-test-error
Check: R code for possible problems
Result: NOTE
cband: no visible global function definition for ‘qnorm’
cband: no visible global function definition for ‘plot’
gfun: no visible global function definition for ‘dnorm’
init.rand: no visible global function definition for ‘lm’
init.rand: no visible global function definition for ‘coef’
init.rand: no visible global function definition for ‘rnorm’
mixreg: no visible global function definition for ‘lm’
mixreg: no visible global function definition for ‘coef’
mixreg: no visible global function definition for ‘fitted’
par.uin: no visible global function definition for ‘par’
plot.cband: no visible global function definition for ‘plot’
plot.cband: no visible global function definition for ‘points’
plot.cband: no visible global function definition for ‘lines’
plot.cband: no visible global function definition for ‘title’
plot.mresid: no visible global function definition for ‘plot’
plot.mresid: no visible global function definition for ‘polygon’
qq.mix: no visible global function definition for ‘qnorm’
qq.mix: no visible global function definition for ‘plot’
qq.mix: no visible global function definition for ‘polygon’
simmix: no visible global function definition for ‘rnorm’
Undefined global functions or variables:
coef dnorm fitted lines lm par plot points polygon qnorm rnorm title
Consider adding
importFrom("graphics", "lines", "par", "plot", "points", "polygon",
"title")
importFrom("stats", "coef", "dnorm", "fitted", "lm", "qnorm", "rnorm")
to your NAMESPACE file.
Flavors: r-devel-linux-x86_64-fedora-clang, r-devel-linux-x86_64-fedora-gcc, r-devel-macos-x86_64-clang