Last updated on 2016-12-28 23:47:22.
Flavor | Version | Tinstall | Tcheck | Ttotal | Status | Flags |
---|---|---|---|---|---|---|
r-devel-linux-x86_64-debian-clang | 0.9.45 | 1.88 | 298.45 | 300.33 | OK | |
r-devel-linux-x86_64-debian-gcc | 0.9.45 | 1.82 | 292.69 | 294.52 | OK | |
r-devel-linux-x86_64-fedora-clang | 0.9.45 | 539.89 | OK | --no-stop-on-test-error | ||
r-devel-linux-x86_64-fedora-gcc | 0.9.45 | 531.49 | OK | --no-stop-on-test-error | ||
r-devel-macos-x86_64-clang | 0.9.45 | 427.23 | OK | --no-stop-on-test-error | ||
r-devel-windows-ix86+x86_64 | 0.9.45 | 12.00 | 796.00 | 808.00 | OK | |
r-patched-linux-x86_64 | 0.9.45 | 1.77 | 273.66 | 275.42 | OK | |
r-patched-solaris-sparc | 0.9.45 | 1228.90 | WARN | |||
r-patched-solaris-x86 | 0.9.45 | 238.90 | WARN | |||
r-release-linux-x86_64 | 0.9.45 | 2.03 | 265.50 | 267.53 | OK | |
r-release-osx-x86_64-mavericks | 0.9.45 | OK | ||||
r-release-windows-ix86+x86_64 | 0.9.45 | 9.00 | 716.00 | 725.00 | OK | |
r-oldrel-windows-ix86+x86_64 | 0.9.45 | 8.00 | 436.00 | 444.00 | OK |
Version: 0.9.45
Check: package dependencies
Result: NOTE
Package suggested but not available for checking: ‘microbenchmark’
Flavors: r-patched-solaris-sparc, r-patched-solaris-x86
Version: 0.9.45
Check: installed package size
Result: NOTE
installed size is 5.0Mb
sub-directories of 1Mb or more:
doc 4.7Mb
Flavors: r-patched-solaris-sparc, r-patched-solaris-x86
Version: 0.9.45
Check: re-building of vignette outputs
Result: WARN
Error in re-building vignettes:
...
Warning in engine$weave(file, quiet = quiet, encoding = enc) :
Pandoc (>= 1.12.3) and/or pandoc-citeproc not available. Falling back to R Markdown v1.
Warning in engine$weave(file, quiet = quiet, encoding = enc) :
Pandoc (>= 1.12.3) and/or pandoc-citeproc not available. Falling back to R Markdown v1.
Warning in engine$weave(file, quiet = quiet, encoding = enc) :
Pandoc (>= 1.12.3) and/or pandoc-citeproc not available. Falling back to R Markdown v1.
Quitting from lines 48-63 (compiled_models.Rmd)
Error: processing vignette 'compiled_models.Rmd' failed with diagnostics:
there is no package called 'microbenchmark'
Execution halted
Flavors: r-patched-solaris-sparc, r-patched-solaris-x86