CRAN Package Check Results for Package mockery

Last updated on 2016-12-28 23:47:22.

Flavor Version Tinstall Tcheck Ttotal Status Flags
r-devel-linux-x86_64-debian-clang 0.3.0 0.78 16.42 17.20 OK
r-devel-linux-x86_64-debian-gcc 0.3.0 0.91 16.02 16.93 OK
r-devel-linux-x86_64-fedora-clang 0.3.0 29.61 NOTE --no-stop-on-test-error
r-devel-linux-x86_64-fedora-gcc 0.3.0 29.00 NOTE --no-stop-on-test-error
r-devel-macos-x86_64-clang 0.3.0 26.21 NOTE --no-stop-on-test-error
r-devel-windows-ix86+x86_64 0.3.0 6.00 46.00 52.00 OK
r-patched-linux-x86_64 0.3.0 0.66 11.69 12.35 OK
r-patched-solaris-sparc 0.3.0 131.50 NOTE
r-patched-solaris-x86 0.3.0 30.10 NOTE
r-release-linux-x86_64 0.3.0 0.59 11.51 12.10 OK
r-release-osx-x86_64-mavericks 0.3.0 NOTE
r-release-windows-ix86+x86_64 0.3.0 4.00 31.00 35.00 OK
r-oldrel-windows-ix86+x86_64 0.3.0 2.00 29.00 31.00 NOTE

Check Details

Version: 0.3.0
Flags: --no-stop-on-test-error
Check: dependencies in R code
Result: NOTE
    Namespace in Imports field not imported from: ‘utils’
     All declared Imports should be used.
Flavors: r-devel-linux-x86_64-fedora-clang, r-devel-linux-x86_64-fedora-gcc, r-devel-macos-x86_64-clang

Version: 0.3.0
Check: dependencies in R code
Result: NOTE
    Namespace in Imports field not imported from: ‘utils’
     All declared Imports should be used.
Flavors: r-patched-solaris-sparc, r-patched-solaris-x86, r-release-osx-x86_64-mavericks, r-oldrel-windows-ix86+x86_64