CRAN Package Check Results for Package moveWindSpeed

Last updated on 2016-12-28 23:47:22.

Flavor Version Tinstall Tcheck Ttotal Status Flags
r-devel-linux-x86_64-debian-clang 0.1.0 10.75 116.68 127.43 OK
r-devel-linux-x86_64-debian-gcc 0.1.0 10.32 115.48 125.80 OK
r-devel-linux-x86_64-fedora-clang 0.1.0 347.64 OK --no-stop-on-test-error
r-devel-linux-x86_64-fedora-gcc 0.1.0 326.30 OK --no-stop-on-test-error
r-devel-macos-x86_64-clang 0.1.0 245.63 OK --no-stop-on-test-error
r-devel-windows-ix86+x86_64 0.1.0 32.00 245.00 277.00 OK
r-patched-linux-x86_64 0.1.0 8.87 100.94 109.80 OK
r-patched-solaris-sparc 0.1.0 1585.70 OK
r-patched-solaris-x86 0.1.0 395.80 OK
r-release-linux-x86_64 0.1.0 8.92 98.82 107.74 OK
r-release-osx-x86_64-mavericks 0.1.0 OK
r-release-windows-ix86+x86_64 0.1.0 40.00 197.00 237.00 OK
r-oldrel-windows-ix86+x86_64 0.1.0 28.00 245.00 273.00 ERROR

Check Details

Version: 0.1.0
Check: running tests for arch ‘i386’
Result: ERROR
    Running the tests in 'tests/testthat.R' failed.
    Last 13 lines of output:
     14: mclapply(groundSpeedsL, getWindEstimate, phi = phi)
     15: lapply(X, FUN, ...)
     16: FUN(X[[i]], ...)
     17: FUN(X[[i]], ...)
     18: solve(optimResult$hessian/optimResult$value * n/2)
     19: solve.default(optimResult$hessian/optimResult$value * n/2)
    
     testthat results ================================================================
     OK: 3 SKIPPED: 0 FAILED: 1
     1. Error: getWindEstimates (@test.getWindEstimates.R#4)
    
     Error: testthat unit tests failed
     Execution halted
Flavor: r-oldrel-windows-ix86+x86_64