Last updated on 2016-12-28 23:47:23.
Flavor | Version | Tinstall | Tcheck | Ttotal | Status | Flags |
---|---|---|---|---|---|---|
r-devel-linux-x86_64-debian-clang | 0.5-0 | 3.62 | 40.25 | 43.87 | NOTE | |
r-devel-linux-x86_64-debian-gcc | 0.5-0 | 3.80 | 40.60 | 44.40 | NOTE | |
r-devel-linux-x86_64-fedora-clang | 0.5-0 | 81.59 | NOTE | --no-stop-on-test-error | ||
r-devel-linux-x86_64-fedora-gcc | 0.5-0 | 72.42 | NOTE | --no-stop-on-test-error | ||
r-devel-macos-x86_64-clang | 0.5-0 | 57.27 | NOTE | --no-stop-on-test-error | ||
r-devel-windows-ix86+x86_64 | 0.5-0 | 30.00 | 132.00 | 162.00 | NOTE | |
r-patched-linux-x86_64 | 0.5-0 | 3.00 | 36.45 | 39.45 | NOTE | |
r-patched-solaris-sparc | 0.5-0 | 474.30 | NOTE | |||
r-patched-solaris-x86 | 0.5-0 | 99.70 | NOTE | |||
r-release-linux-x86_64 | 0.5-0 | 3.07 | 36.87 | 39.95 | NOTE | |
r-release-windows-ix86+x86_64 | 0.5-0 | 25.00 | 96.00 | 121.00 | NOTE | |
r-oldrel-windows-ix86+x86_64 | 0.5-0 | 21.00 | 136.00 | 157.00 | OK |
Version: 0.5-0
Check: S3 generic/method consistency
Result: NOTE
Found the following apparent S3 methods exported but not registered:
plot.mritc print.mritc summary.mritc
See section ‘Registering S3 methods’ in the ‘Writing R Extensions’
manual.
Flavors: r-devel-linux-x86_64-debian-clang, r-devel-linux-x86_64-debian-gcc, r-patched-linux-x86_64, r-patched-solaris-sparc, r-patched-solaris-x86, r-release-linux-x86_64
Version: 0.5-0
Check: R code for possible problems
Result: NOTE
emnormmix: no visible global function definition for ‘dnorm’
getDen: no visible global function definition for ‘dnorm’
getWeightsMRI: no visible global function definition for ‘dnorm’
initProp: no visible global function definition for ‘quantile’
initThresh : <anonymous>: no visible global function definition for
‘sd’
initialIndices: no visible global function definition for ‘dnorm’
measureMRI: no visible global function definition for ‘plot’
mritc.em: no visible global function definition for ‘dnorm’
rnormmix: no visible global function definition for ‘rnorm’
updateDistanceUnit: no visible global function definition for ‘qnorm’
updateDistanceUnit: no visible global function definition for ‘runif’
updateDistanceUnit: no visible global function definition for ‘pnorm’
updateMusB: no visible global function definition for ‘rnorm’
updateSdsB: no visible global function definition for ‘rgamma’
writeMRI: no visible global function definition for ‘as’
Undefined global functions or variables:
as dnorm plot pnorm qnorm quantile rgamma rnorm runif sd
Consider adding
importFrom("graphics", "plot")
importFrom("methods", "as")
importFrom("stats", "dnorm", "pnorm", "qnorm", "quantile", "rgamma",
"rnorm", "runif", "sd")
to your NAMESPACE file (and ensure that your DESCRIPTION Imports field
contains 'methods').
Flavors: r-devel-linux-x86_64-debian-clang, r-devel-linux-x86_64-debian-gcc, r-devel-windows-ix86+x86_64, r-patched-linux-x86_64, r-patched-solaris-sparc, r-patched-solaris-x86, r-release-linux-x86_64, r-release-windows-ix86+x86_64
Version: 0.5-0
Flags: --no-stop-on-test-error
Check: S3 generic/method consistency
Result: NOTE
Found the following apparent S3 methods exported but not registered:
plot.mritc print.mritc summary.mritc
See section ‘Registering S3 methods’ in the ‘Writing R Extensions’
manual.
Flavors: r-devel-linux-x86_64-fedora-clang, r-devel-linux-x86_64-fedora-gcc, r-devel-macos-x86_64-clang
Version: 0.5-0
Flags: --no-stop-on-test-error
Check: R code for possible problems
Result: NOTE
emnormmix: no visible global function definition for ‘dnorm’
getDen: no visible global function definition for ‘dnorm’
getWeightsMRI: no visible global function definition for ‘dnorm’
initProp: no visible global function definition for ‘quantile’
initThresh : <anonymous>: no visible global function definition for
‘sd’
initialIndices: no visible global function definition for ‘dnorm’
measureMRI: no visible global function definition for ‘plot’
mritc.em: no visible global function definition for ‘dnorm’
rnormmix: no visible global function definition for ‘rnorm’
updateDistanceUnit: no visible global function definition for ‘qnorm’
updateDistanceUnit: no visible global function definition for ‘runif’
updateDistanceUnit: no visible global function definition for ‘pnorm’
updateMusB: no visible global function definition for ‘rnorm’
updateSdsB: no visible global function definition for ‘rgamma’
writeMRI: no visible global function definition for ‘as’
Undefined global functions or variables:
as dnorm plot pnorm qnorm quantile rgamma rnorm runif sd
Consider adding
importFrom("graphics", "plot")
importFrom("methods", "as")
importFrom("stats", "dnorm", "pnorm", "qnorm", "quantile", "rgamma",
"rnorm", "runif", "sd")
to your NAMESPACE file (and ensure that your DESCRIPTION Imports field
contains 'methods').
Flavors: r-devel-linux-x86_64-fedora-clang, r-devel-linux-x86_64-fedora-gcc, r-devel-macos-x86_64-clang