Last updated on 2016-12-28 23:47:23.
Flavor | Version | Tinstall | Tcheck | Ttotal | Status | Flags |
---|---|---|---|---|---|---|
r-devel-linux-x86_64-debian-clang | 1.0-12 | 2.61 | 17.14 | 19.75 | WARN | |
r-devel-linux-x86_64-debian-gcc | 1.0-12 | 2.54 | 17.59 | 20.13 | WARN | |
r-devel-linux-x86_64-fedora-clang | 1.0-12 | 33.41 | WARN | --no-stop-on-test-error | ||
r-devel-linux-x86_64-fedora-gcc | 1.0-12 | 32.13 | WARN | --no-stop-on-test-error | ||
r-devel-macos-x86_64-clang | 1.0-12 | 28.97 | WARN | --no-stop-on-test-error | ||
r-devel-windows-ix86+x86_64 | 1.0-12 | 12.00 | 61.00 | 73.00 | WARN | |
r-patched-linux-x86_64 | 1.0-12 | 2.35 | 15.21 | 17.56 | OK | |
r-patched-solaris-sparc | 1.0-12 | 193.50 | OK | |||
r-patched-solaris-x86 | 1.0-12 | 47.00 | OK | |||
r-release-linux-x86_64 | 1.0-12 | 2.45 | 15.84 | 18.29 | OK | |
r-release-osx-x86_64-mavericks | 1.0-12 | OK | ||||
r-release-windows-ix86+x86_64 | 1.0-12 | 12.00 | 35.00 | 47.00 | OK | |
r-oldrel-windows-ix86+x86_64 | 1.0-12 | 10.00 | 38.00 | 48.00 | OK |
Version: 1.0-12
Check: whether package can be installed
Result: WARN
Found the following significant warnings:
Warning: GNU Extension: Symbol âkâ is used before it is typed at (1)
Warning: GNU Extension: Nonstandard type declaration REAL*8 at (1)
Warning: GNU Extension: Different type kinds at (1)
Flavors: r-devel-linux-x86_64-debian-clang, r-devel-linux-x86_64-debian-gcc, r-devel-windows-ix86+x86_64
Version: 1.0-12
Flags: --no-stop-on-test-error
Check: whether package can be installed
Result: WARN
Found the following significant warnings:
Warning: GNU Extension: Symbol âkâ is used before it is typed at (1)
Warning: GNU Extension: Nonstandard type declaration REAL*8 at (1)
Warning: GNU Extension: Different type kinds at (1)
Flavors: r-devel-linux-x86_64-fedora-clang, r-devel-linux-x86_64-fedora-gcc, r-devel-macos-x86_64-clang