Last updated on 2016-12-28 23:47:23.
Flavor | Version | Tinstall | Tcheck | Ttotal | Status | Flags |
---|---|---|---|---|---|---|
r-devel-linux-x86_64-debian-clang | 0.5.0 | 2.58 | 112.87 | 115.45 | OK | |
r-devel-linux-x86_64-debian-gcc | 0.5.0 | 2.67 | 94.05 | 96.72 | OK | |
r-devel-linux-x86_64-fedora-clang | 0.5.0 | 240.91 | OK | --no-stop-on-test-error | ||
r-devel-linux-x86_64-fedora-gcc | 0.5.0 | 200.68 | OK | --no-stop-on-test-error | ||
r-devel-macos-x86_64-clang | 0.5.0 | 156.71 | OK | --no-stop-on-test-error | ||
r-devel-windows-ix86+x86_64 | 0.5.0 | 9.00 | 174.00 | 183.00 | WARN | |
r-patched-linux-x86_64 | 0.5.0 | 2.67 | 83.61 | 86.28 | OK | |
r-patched-solaris-sparc | 0.5.0 | 1443.40 | OK | |||
r-patched-solaris-x86 | 0.5.0 | 270.40 | OK | |||
r-release-linux-x86_64 | 0.5.0 | 2.39 | 85.44 | 87.83 | OK | |
r-release-osx-x86_64-mavericks | 0.5.0 | OK | ||||
r-release-windows-ix86+x86_64 | 0.5.0 | 9.00 | 142.00 | 151.00 | OK | |
r-oldrel-windows-ix86+x86_64 | 0.5.0 | 7.00 | 148.00 | 155.00 | OK |
Version: 0.5.0
Check: files in ‘vignettes’
Result: WARN
Files in the 'vignettes' directory newer than all files in 'inst/doc':
'mvtboost_vignette.Rmd', 'mvtboost_wellbeing.Rmd', 'wb_cv5.Rdata',
'wb_cv5test.Rdata'
Flavor: r-devel-windows-ix86+x86_64