Last updated on 2016-12-28 23:47:24.
Flavor | Version | Tinstall | Tcheck | Ttotal | Status | Flags |
---|---|---|---|---|---|---|
r-devel-linux-x86_64-debian-clang | 1.17.0 | 60.37 | 201.31 | 261.68 | OK | |
r-devel-linux-x86_64-debian-gcc | 1.17.0 | 69.09 | 199.56 | 268.65 | OK | |
r-devel-linux-x86_64-fedora-clang | 1.17.0 | 572.02 | NOTE | --no-stop-on-test-error | ||
r-devel-linux-x86_64-fedora-gcc | 1.17.0 | 566.61 | NOTE | --no-stop-on-test-error | ||
r-devel-macos-x86_64-clang | 1.17.0 | 423.66 | OK | --no-stop-on-test-error | ||
r-devel-windows-ix86+x86_64 | 1.17.0 | 282.00 | 606.00 | 888.00 | NOTE | |
r-patched-linux-x86_64 | 1.17.0 | 60.02 | 195.86 | 255.87 | OK | |
r-patched-solaris-sparc | 1.17.0 | 3441.10 | OK | |||
r-patched-solaris-x86 | 1.17.0 | 633.00 | OK | |||
r-release-linux-x86_64 | 1.17.0 | 60.47 | 193.51 | 253.98 | OK | |
r-release-osx-x86_64-mavericks | 1.17.0 | NOTE | ||||
r-release-windows-ix86+x86_64 | 1.17.0 | 252.00 | 443.00 | 695.00 | NOTE | |
r-oldrel-windows-ix86+x86_64 | 1.17.0 | 146.00 | 491.00 | 637.00 | WARN |
Version: 1.17.0
Flags: --no-stop-on-test-error
Check: installed package size
Result: NOTE
installed size is 6.5Mb
sub-directories of 1Mb or more:
doc 1.7Mb
libs 3.5Mb
Flavors: r-devel-linux-x86_64-fedora-clang, r-devel-linux-x86_64-fedora-gcc
Version: 1.17.0
Check: installed package size
Result: NOTE
installed size is 5.0Mb
sub-directories of 1Mb or more:
doc 1.7Mb
libs 2.1Mb
Flavors: r-devel-windows-ix86+x86_64, r-release-osx-x86_64-mavericks, r-release-windows-ix86+x86_64
Version: 1.17.0
Check: Rd files
Result: WARN
macros/struct_test.Rd: Sections \title, and \name must exist and be unique in Rd files
problem found in 'struct_test.Rd'
Flavor: r-oldrel-windows-ix86+x86_64