CRAN Package Check Results for Package nloptr

Last updated on 2016-12-28 23:47:24.

Flavor Version Tinstall Tcheck Ttotal Status Flags
r-devel-linux-x86_64-debian-clang 1.0.4 3.24 22.67 25.91 OK
r-devel-linux-x86_64-debian-gcc 1.0.4 2.81 22.60 25.40 OK
r-devel-linux-x86_64-fedora-clang 1.0.4 49.76 OK --no-stop-on-test-error
r-devel-linux-x86_64-fedora-gcc 1.0.4 44.15 OK --no-stop-on-test-error
r-devel-macos-x86_64-clang 1.0.4 124.28 OK --no-stop-on-test-error
r-devel-windows-ix86+x86_64 1.0.4 20.00 73.00 93.00 OK
r-patched-linux-x86_64 1.0.4 2.95 21.17 24.12 OK
r-patched-solaris-sparc 1.0.4 596.10 ERROR
r-patched-solaris-x86 1.0.4 168.90 ERROR
r-release-linux-x86_64 1.0.4 2.78 20.21 22.98 OK
r-release-osx-x86_64-mavericks 1.0.4 OK
r-release-windows-ix86+x86_64 1.0.4 18.00 49.00 67.00 OK
r-oldrel-windows-ix86+x86_64 1.0.4 10.00 118.00 128.00 OK

Memtest notes: valgrind

Check Details

Version: 1.0.4
Check: tests
Result: ERROR
     Running ‘test-all.R’ [17s/17s]
    Running the tests in ‘tests/test-all.R’ failed.
    Last 13 lines of output:
    
     3. Failure: Test HS023. (@test-hs023.R#95) -------------------------------------
     all(eval_g_ineq(res$solution)$constr <= res$options$tol_constraints_ineq) isn't true.
    
    
     testthat results ================================================================
     OK: 40 SKIPPED: 0 FAILED: 3
     1. Failure: Test NLopt tutorial example with NLOPT_LN_COBYLA with gradient information. (@test-example.R#101)
     2. Failure: Test HS023. (@test-hs023.R#90)
     3. Failure: Test HS023. (@test-hs023.R#95)
    
     Error: testthat unit tests failed
     Execution halted
Flavor: r-patched-solaris-sparc

Version: 1.0.4
Check: tests
Result: ERROR
     Running ‘test-all.R’
    Running the tests in ‘tests/test-all.R’ failed.
    Last 13 lines of output:
     1. Failure: Test NLopt tutorial example with NLOPT_LN_COBYLA with gradient information. (@test-example.R#101)
     res1$solution not equal to `solution.opt`.
     2/2 mismatches (average diff: 0.00818)
     [1] 0.328 - 0.333 == -0.00572
     [2] 0.307 - 0.296 == 0.01064
    
    
     testthat results ================================================================
     OK: 42 SKIPPED: 0 FAILED: 1
     1. Failure: Test NLopt tutorial example with NLOPT_LN_COBYLA with gradient information. (@test-example.R#101)
    
     Error: testthat unit tests failed
     Execution halted
Flavor: r-patched-solaris-x86