CRAN Package Check Results for Package normtest

Last updated on 2016-12-28 23:47:24.

Flavor Version Tinstall Tcheck Ttotal Status Flags
r-devel-linux-x86_64-debian-clang 1.1 0.68 14.23 14.91 NOTE
r-devel-linux-x86_64-debian-gcc 1.1 0.60 13.95 14.55 NOTE
r-devel-linux-x86_64-fedora-clang 1.1 26.87 NOTE --no-stop-on-test-error
r-devel-linux-x86_64-fedora-gcc 1.1 24.08 NOTE --no-stop-on-test-error
r-devel-macos-x86_64-clang 1.1 20.58 NOTE --no-stop-on-test-error
r-devel-windows-ix86+x86_64 1.1 2.00 30.00 32.00 NOTE
r-patched-linux-x86_64 1.1 0.59 11.75 12.34 NOTE
r-patched-solaris-sparc 1.1 133.50 NOTE
r-patched-solaris-x86 1.1 27.00 NOTE
r-release-linux-x86_64 1.1 0.58 12.06 12.64 NOTE
r-release-osx-x86_64-mavericks 1.1 NOTE
r-release-windows-ix86+x86_64 1.1 3.00 28.00 31.00 NOTE
r-oldrel-windows-ix86+x86_64 1.1 3.00 25.00 28.00 NOTE

Check Details

Version: 1.1
Check: DESCRIPTION meta-information
Result: NOTE
    Malformed Description field: should contain one or more complete sentences.
Flavors: r-devel-linux-x86_64-debian-clang, r-devel-linux-x86_64-debian-gcc, r-devel-windows-ix86+x86_64, r-patched-linux-x86_64, r-patched-solaris-sparc, r-patched-solaris-x86, r-release-linux-x86_64, r-release-osx-x86_64-mavericks, r-release-windows-ix86+x86_64, r-oldrel-windows-ix86+x86_64

Version: 1.1
Check: R code for possible problems
Result: NOTE
    ajb.norm.test: no visible global function definition for ‘rnorm’
    frosini.norm.test: no visible global function definition for ‘var’
    frosini.norm.test: no visible global function definition for ‘pnorm’
    frosini.norm.test: no visible global function definition for ‘rnorm’
    geary.norm.test: no visible global function definition for ‘rnorm’
    hegazy1.norm.test: no visible global function definition for ‘var’
    hegazy1.norm.test: no visible global function definition for ‘qnorm’
    hegazy1.norm.test: no visible global function definition for ‘rnorm’
    hegazy2.norm.test: no visible global function definition for ‘var’
    hegazy2.norm.test: no visible global function definition for ‘qnorm’
    hegazy2.norm.test: no visible global function definition for ‘rnorm’
    jb.norm.test: no visible global function definition for ‘rnorm’
    kurtosis.norm.test: no visible global function definition for ‘rnorm’
    skewness.norm.test: no visible global function definition for ‘rnorm’
    spiegelhalter.norm.test: no visible global function definition for
     ‘rnorm’
    wb.norm.test: no visible global function definition for ‘qnorm’
    wb.norm.test: no visible global function definition for ‘var’
    wb.norm.test: no visible global function definition for ‘rnorm’
    Undefined global functions or variables:
     pnorm qnorm rnorm var
    Consider adding
     importFrom("stats", "pnorm", "qnorm", "rnorm", "var")
    to your NAMESPACE file.
Flavors: r-devel-linux-x86_64-debian-clang, r-devel-linux-x86_64-debian-gcc, r-devel-windows-ix86+x86_64, r-patched-linux-x86_64, r-patched-solaris-sparc, r-patched-solaris-x86, r-release-linux-x86_64, r-release-osx-x86_64-mavericks, r-release-windows-ix86+x86_64

Version: 1.1
Flags: --no-stop-on-test-error
Check: DESCRIPTION meta-information
Result: NOTE
    Malformed Description field: should contain one or more complete sentences.
Flavors: r-devel-linux-x86_64-fedora-clang, r-devel-linux-x86_64-fedora-gcc, r-devel-macos-x86_64-clang

Version: 1.1
Flags: --no-stop-on-test-error
Check: R code for possible problems
Result: NOTE
    ajb.norm.test: no visible global function definition for ‘rnorm’
    frosini.norm.test: no visible global function definition for ‘var’
    frosini.norm.test: no visible global function definition for ‘pnorm’
    frosini.norm.test: no visible global function definition for ‘rnorm’
    geary.norm.test: no visible global function definition for ‘rnorm’
    hegazy1.norm.test: no visible global function definition for ‘var’
    hegazy1.norm.test: no visible global function definition for ‘qnorm’
    hegazy1.norm.test: no visible global function definition for ‘rnorm’
    hegazy2.norm.test: no visible global function definition for ‘var’
    hegazy2.norm.test: no visible global function definition for ‘qnorm’
    hegazy2.norm.test: no visible global function definition for ‘rnorm’
    jb.norm.test: no visible global function definition for ‘rnorm’
    kurtosis.norm.test: no visible global function definition for ‘rnorm’
    skewness.norm.test: no visible global function definition for ‘rnorm’
    spiegelhalter.norm.test: no visible global function definition for
     ‘rnorm’
    wb.norm.test: no visible global function definition for ‘qnorm’
    wb.norm.test: no visible global function definition for ‘var’
    wb.norm.test: no visible global function definition for ‘rnorm’
    Undefined global functions or variables:
     pnorm qnorm rnorm var
    Consider adding
     importFrom("stats", "pnorm", "qnorm", "rnorm", "var")
    to your NAMESPACE file.
Flavors: r-devel-linux-x86_64-fedora-clang, r-devel-linux-x86_64-fedora-gcc, r-devel-macos-x86_64-clang