CRAN Package Check Results for Package oceanmap

Last updated on 2016-12-28 23:47:25.

Flavor Version Tinstall Tcheck Ttotal Status Flags
r-devel-linux-x86_64-debian-clang 0.0.2 5.40 121.65 127.05 OK
r-devel-linux-x86_64-debian-gcc 0.0.2 5.16 121.15 126.30 OK
r-devel-linux-x86_64-fedora-clang 0.0.2 250.15 NOTE --no-stop-on-test-error
r-devel-linux-x86_64-fedora-gcc 0.0.2 244.66 NOTE --no-stop-on-test-error
r-devel-macos-x86_64-clang 0.0.2 197.72 NOTE --no-stop-on-test-error
r-devel-windows-ix86+x86_64 0.0.2 18.00 239.00 257.00 NOTE
r-patched-linux-x86_64 0.0.2 5.25 114.59 119.84 OK
r-patched-solaris-sparc 0.0.2 1834.90 NOTE
r-patched-solaris-x86 0.0.2 337.00 NOTE
r-release-linux-x86_64 0.0.2 5.36 114.22 119.58 OK
r-release-osx-x86_64-mavericks 0.0.2 NOTE
r-release-windows-ix86+x86_64 0.0.2 22.00 218.00 240.00 NOTE
r-oldrel-windows-ix86+x86_64 0.0.2 20.00 292.00 312.00 NOTE

Check Details

Version: 0.0.2
Flags: --no-stop-on-test-error
Check: installed package size
Result: NOTE
     installed size is 6.0Mb
     sub-directories of 1Mb or more:
     R 1.4Mb
     test_files 4.2Mb
Flavors: r-devel-linux-x86_64-fedora-clang, r-devel-linux-x86_64-fedora-gcc, r-devel-macos-x86_64-clang

Version: 0.0.2
Check: installed package size
Result: NOTE
     installed size is 6.0Mb
     sub-directories of 1Mb or more:
     R 1.4Mb
     test_files 4.2Mb
Flavors: r-devel-windows-ix86+x86_64, r-patched-solaris-sparc, r-patched-solaris-x86, r-release-osx-x86_64-mavericks, r-release-windows-ix86+x86_64, r-oldrel-windows-ix86+x86_64