CRAN Package Check Results for Package partialAR

Last updated on 2016-12-28 23:47:26.

Flavor Version Tinstall Tcheck Ttotal Status Flags
r-devel-linux-x86_64-debian-clang 1.0.5 9.09 573.40 582.49 NOTE
r-devel-linux-x86_64-debian-gcc 1.0.5 8.64 598.64 607.29 NOTE
r-devel-linux-x86_64-fedora-clang 1.0.5 781.66 NOTE --no-stop-on-test-error
r-devel-linux-x86_64-fedora-gcc 1.0.5 619.42 NOTE --no-stop-on-test-error
r-devel-macos-x86_64-clang 1.0.5 1383.18 NOTE --no-stop-on-test-error
r-devel-windows-ix86+x86_64 1.0.5 44.00 409.00 453.00 NOTE
r-patched-linux-x86_64 1.0.5 7.61 524.83 532.45 NOTE
r-patched-solaris-sparc 1.0.5 2480.80 NOTE
r-patched-solaris-x86 1.0.5 1553.30 NOTE
r-release-linux-x86_64 1.0.5 7.92 524.03 531.95 NOTE
r-release-osx-x86_64-mavericks 1.0.5 NOTE
r-release-windows-ix86+x86_64 1.0.5 42.00 364.00 406.00 NOTE
r-oldrel-windows-ix86+x86_64 1.0.5 30.00 374.00 404.00 OK

Check Details

Version: 1.0.5
Check: R code for possible problems
Result: NOTE
    estimate.rho.par: no visible global function definition for ‘var’
    estimate.sigma.par: no visible global function definition for ‘sd’
    estimate.sigma.par: no visible global function definition for ‘var’
    fit.par: no visible global function definition for ‘sd’
    fit.par.both: no visible global function definition for ‘sd’
    fit.par.both: no visible global function definition for ‘median’
    fit.par.both: no visible global function definition for ‘optim’
    fit.par.both: no visible global function definition for ‘nlm’
    fit.par.mr: no visible global function definition for ‘sd’
    fit.par.mr: no visible global function definition for ‘median’
    fit.par.mr: no visible global function definition for ‘optim’
    fit.par.rw: no visible global function definition for ‘sd’
    fit.par.rw: no visible global function definition for ‘optimize’
    par.find.joint.critical.values : find1: no visible global function
     definition for ‘quantile’
    par.find.joint.critical.values : find1: no visible global function
     definition for ‘optim’
    par.generate.likelihood_ratio.samples: no visible global function
     definition for ‘write.table’
    par.load.likelihood_ratio.samples : <anonymous>: no visible global
     function definition for ‘read.table’
    par.plot.lrt.vs.kpss: no visible global function definition for
     ‘read.table’
    par.plot.power: no visible global function definition for ‘read.table’
    par.plot.power.pvmr: no visible global function definition for
     ‘read.table’
    par.powersamples.pvmr.table: no visible global function definition for
     ‘write.table’
    par.powersamples.table: no visible global function definition for
     ‘write.table’
    par.rho.cutoff: no visible global function definition for ‘approx’
    plot.internal.par.fit: no visible global function definition for ‘sd’
    plot.par.likelihood.neighborhood: no visible global function definition
     for ‘is’
    plot.par.likelihood.neighborhood: no visible global function definition
     for ‘sd’
    plot.par.likelihood.neighborhood.3d: no visible global function
     definition for ‘is’
    plot.par.likelihood.neighborhood.3d: no visible global function
     definition for ‘sd’
    print.par.lrt.quantile_quadrants: no visible global function definition
     for ‘qchisq’
    quantile.table.from.samples: no visible global function definition for
     ‘quantile’
    quantile_table_interpolate: no visible global function definition for
     ‘approx’
    rpar: no visible global function definition for ‘rnorm’
    rpar: no visible global function definition for ‘rt’
    test.par: no visible global function definition for ‘is’
    which.hypothesis.partest: no visible global function definition for
     ‘is’
    Undefined global functions or variables:
     approx is median nlm optim optimize qchisq quantile read.table rnorm
     rt sd var write.table
    Consider adding
     importFrom("methods", "is")
     importFrom("stats", "approx", "median", "nlm", "optim", "optimize",
     "qchisq", "quantile", "rnorm", "rt", "sd", "var")
     importFrom("utils", "read.table", "write.table")
    to your NAMESPACE file (and ensure that your DESCRIPTION Imports field
    contains 'methods').
Flavors: r-devel-linux-x86_64-debian-clang, r-devel-linux-x86_64-debian-gcc, r-devel-windows-ix86+x86_64, r-patched-linux-x86_64, r-patched-solaris-sparc, r-patched-solaris-x86, r-release-linux-x86_64, r-release-osx-x86_64-mavericks, r-release-windows-ix86+x86_64

Version: 1.0.5
Flags: --no-stop-on-test-error
Check: R code for possible problems
Result: NOTE
    estimate.rho.par: no visible global function definition for ‘var’
    estimate.sigma.par: no visible global function definition for ‘sd’
    estimate.sigma.par: no visible global function definition for ‘var’
    fit.par: no visible global function definition for ‘sd’
    fit.par.both: no visible global function definition for ‘sd’
    fit.par.both: no visible global function definition for ‘median’
    fit.par.both: no visible global function definition for ‘optim’
    fit.par.both: no visible global function definition for ‘nlm’
    fit.par.mr: no visible global function definition for ‘sd’
    fit.par.mr: no visible global function definition for ‘median’
    fit.par.mr: no visible global function definition for ‘optim’
    fit.par.rw: no visible global function definition for ‘sd’
    fit.par.rw: no visible global function definition for ‘optimize’
    par.find.joint.critical.values : find1: no visible global function
     definition for ‘quantile’
    par.find.joint.critical.values : find1: no visible global function
     definition for ‘optim’
    par.generate.likelihood_ratio.samples: no visible global function
     definition for ‘write.table’
    par.load.likelihood_ratio.samples : <anonymous>: no visible global
     function definition for ‘read.table’
    par.plot.lrt.vs.kpss: no visible global function definition for
     ‘read.table’
    par.plot.power: no visible global function definition for ‘read.table’
    par.plot.power.pvmr: no visible global function definition for
     ‘read.table’
    par.powersamples.pvmr.table: no visible global function definition for
     ‘write.table’
    par.powersamples.table: no visible global function definition for
     ‘write.table’
    par.rho.cutoff: no visible global function definition for ‘approx’
    plot.internal.par.fit: no visible global function definition for ‘sd’
    plot.par.likelihood.neighborhood: no visible global function definition
     for ‘is’
    plot.par.likelihood.neighborhood: no visible global function definition
     for ‘sd’
    plot.par.likelihood.neighborhood.3d: no visible global function
     definition for ‘is’
    plot.par.likelihood.neighborhood.3d: no visible global function
     definition for ‘sd’
    print.par.lrt.quantile_quadrants: no visible global function definition
     for ‘qchisq’
    quantile.table.from.samples: no visible global function definition for
     ‘quantile’
    quantile_table_interpolate: no visible global function definition for
     ‘approx’
    rpar: no visible global function definition for ‘rnorm’
    rpar: no visible global function definition for ‘rt’
    test.par: no visible global function definition for ‘is’
    which.hypothesis.partest: no visible global function definition for
     ‘is’
    Undefined global functions or variables:
     approx is median nlm optim optimize qchisq quantile read.table rnorm
     rt sd var write.table
    Consider adding
     importFrom("methods", "is")
     importFrom("stats", "approx", "median", "nlm", "optim", "optimize",
     "qchisq", "quantile", "rnorm", "rt", "sd", "var")
     importFrom("utils", "read.table", "write.table")
    to your NAMESPACE file (and ensure that your DESCRIPTION Imports field
    contains 'methods').
Flavors: r-devel-linux-x86_64-fedora-clang, r-devel-linux-x86_64-fedora-gcc, r-devel-macos-x86_64-clang